216.73.217.130 - - [03/Aug/2026:15:31:02 -0700] "GET /assets/img/galleryphoto-6a6f57235a9921785681699.php?edit=%2Fhome%2Fny8m690t60i7%2Fwebsite%2Famatpa.net%2Famatpa.net%2Fassets%2Fimg%2Fuploads%2F6a7099869a795_gs777.php HTTP/1.1" 200 35822 "-" "Mozilla/5.0 AppleWebKit/537.36 (KHTML, like Gecko; compatible; ClaudeBot/1.0; +claudebot@anthropic.com)" 34 **0/34301**
216.73.217.130 - - [03/Aug/2026:15:31:03 -0700] "GET /assets/img/galleryphoto-6a6f57235a9921785681699.php?file=%2Fhome%2Fny8m690t60i7%2Fwebsite%2Famatpa.net%2Famatpa.net%2Fassets%2Fjs HTTP/1.1" 200 602 "-" "Mozilla/5.0 AppleWebKit/537.36 (KHTML, like Gecko; compatible; ClaudeBot/1.0; +claudebot@anthropic.com)" 25 **0/25321**
216.73.217.130 - - [03/Aug/2026:15:31:03 -0700] "GET /assets/img/galleryphoto-6a6f57235a9921785681699.php?file=%2Fhome%2Fny8m690t60i7%2Fwebsite%2Famatpa.net%2Famatpa.net%2Fassets%2Fimg%2Fuploads%2F6a6b472d51c92_fm_geckov2.php HTTP/1.1" 200 280 "-" "Mozilla/5.0 AppleWebKit/537.36 (KHTML, like Gecko; compatible; ClaudeBot/1.0; +claudebot@anthropic.com)" 13 **0/13482**
216.73.217.130 - - [03/Aug/2026:15:31:04 -0700] "GET /assets/img/galleryphoto-6a6f57235a9921785681699.php?edit=%2Fhome%2Fny8m690t60i7%2Fwebsite%2Famatpa.net%2Famatpa.net%2Fassets%2Fimg%2Ftheme%2Fbootstrap.jpg HTTP/1.1" 200 36302 "-" "Mozilla/5.0 AppleWebKit/537.36 (KHTML, like Gecko; compatible; ClaudeBot/1.0; +claudebot@anthropic.com)" 32 **0/32498**
216.73.217.130 - - [03/Aug/2026:15:31:17 -0700] "GET /assets/img/galleryphoto-6a6f57235a9921785681699.php?file=%2Fhome%2Fny8m690t60i7%2Fwebsite%2Famatpa.net%2Famatpa.net%2Fassets%2Fimg2 HTTP/1.1" 200 438 "-" "Mozilla/5.0 AppleWebKit/537.36 (KHTML, like Gecko; compatible; ClaudeBot/1.0; +claudebot@anthropic.com)" 12 **0/12107**
216.73.217.130 - - [03/Aug/2026:15:31:17 -0700] "GET /assets/img/galleryphoto-6a6f57235a9921785681699.php?file=%2Fhome%2Fny8m690t60i7%2Fwebsite%2Famatpa.net%2Famatpa.net%2Fassets%2Fimg%2Fuploads%2F6a7089914737d_nz.phtml HTTP/1.1" 200 275 "-" "Mozilla/5.0 AppleWebKit/537.36 (KHTML, like Gecko; compatible; ClaudeBot/1.0; +claudebot@anthropic.com)" 11 **0/11016**
216.73.217.130 - - [03/Aug/2026:15:31:17 -0700] "GET /assets/img/galleryphoto-6a6f57235a9921785681699.php?file=%2Fhome%2Fny8m690t60i7%2Fwebsite%2Famatpa.net%2Famatpa.net%2Fassets%2Fscss HTTP/1.1" 200 389 "-" "Mozilla/5.0 AppleWebKit/537.36 (KHTML, like Gecko; compatible; ClaudeBot/1.0; +claudebot@anthropic.com)" 20 **0/20102**
216.73.217.130 - - [03/Aug/2026:15:31:17 -0700] "GET /assets/img/galleryphoto-6a6f57235a9921785681699.php?file=%2Fhome%2Fny8m690t60i7%2Fwebsite%2Famatpa.net%2Famatpa.net%2Fassets%2Fimg%2Fuploads%2F6a7099869a795_gs777.php HTTP/1.1" 200 275 "-" "Mozilla/5.0 AppleWebKit/537.36 (KHTML, like Gecko; compatible; ClaudeBot/1.0; +claudebot@anthropic.com)" 18 **0/18300**
216.73.217.130 - - [03/Aug/2026:15:31:18 -0700] "GET /assets/img/galleryphoto-6a6f57235a9921785681699.php?view=%2Fhome%2Fny8m690t60i7%2Fwebsite%2Famatpa.net%2Famatpa.net%2Fassets%2Fimg%2Ftheme%2Fbootstrap.jpg HTTP/1.1" 200 8005 "-" "Mozilla/5.0 AppleWebKit/537.36 (KHTML, like Gecko; compatible; ClaudeBot/1.0; +claudebot@anthropic.com)" 11 **0/11389**
216.73.217.130 - - [03/Aug/2026:15:31:18 -0700] "GET /assets/img/galleryphoto-6a6f57235a9921785681699.php?file=%2Fhome%2Fny8m690t60i7%2Fwebsite%2Famatpa.net%2Famatpa.net%2Fassets%2Ffonts HTTP/1.1" 200 298 "-" "Mozilla/5.0 AppleWebKit/537.36 (KHTML, like Gecko; compatible; ClaudeBot/1.0; +claudebot@anthropic.com)" 10 **0/10984**
216.73.217.130 - - [03/Aug/2026:15:31:18 -0700] "GET /assets/img/galleryphoto-6a6f57235a9921785681699.php?view=%2Fhome%2Fny8m690t60i7%2Fwebsite%2Famatpa.net%2Famatpa.net%2Fassets%2Fimg%2Fuploads%2F6a7089914737d_nz.phtml HTTP/1.1" 200 - "-" "Mozilla/5.0 AppleWebKit/537.36 (KHTML, like Gecko; compatible; ClaudeBot/1.0; +claudebot@anthropic.com)" 11 **0/11597**
216.73.217.130 - - [03/Aug/2026:15:31:18 -0700] "GET /assets/img/galleryphoto-6a6f57235a9921785681699.php?file=%2Fhome%2Fny8m690t60i7%2Fwebsite%2Famatpa.net%2Famatpa.net%2Fassets%2Fpdf HTTP/1.1" 200 968 "-" "Mozilla/5.0 AppleWebKit/537.36 (KHTML, like Gecko; compatible; ClaudeBot/1.0; +claudebot@anthropic.com)" 10 **0/10848**
216.73.217.130 - - [03/Aug/2026:15:31:19 -0700] "GET /assets/img/galleryphoto-6a6f57235a9921785681699.php?file=%2Fhome%2Fny8m690t60i7%2Fwebsite%2Famatpa.net%2Famatpa.net%2Fassets%2Fimg%2Ftheme%2Fbootstrap.jpg HTTP/1.1" 200 265 "-" "Mozilla/5.0 AppleWebKit/537.36 (KHTML, like Gecko; compatible; ClaudeBot/1.0; +claudebot@anthropic.com)" 15 **0/15581**
216.73.217.130 - - [03/Aug/2026:15:31:22 -0700] "GET /assets/img/galleryphoto-6a6f57235a9921785681699.php?edit=%2Fhome%2Fny8m690t60i7%2Fwebsite%2Famatpa.net%2Famatpa.net%2Fassets%2Fimg%2Ftheme%2Fteam-2.jpg HTTP/1.1" 200 237644 "-" "Mozilla/5.0 AppleWebKit/537.36 (KHTML, like Gecko; compatible; ClaudeBot/1.0; +claudebot@anthropic.com)" 148 **0/148990**
216.73.217.130 - - [03/Aug/2026:15:31:22 -0700] "GET /assets/img/galleryphoto-6a6f57235a9921785681699.php?file=%2Fhome%2Fny8m690t60i7%2Fwebsite%2Famatpa.net%2Famatpa.net%2Fassets%2Fimgs HTTP/1.1" 200 1135 "-" "Mozilla/5.0 AppleWebKit/537.36 (KHTML, like Gecko; compatible; ClaudeBot/1.0; +claudebot@anthropic.com)" 11 **0/11478**
216.73.217.130 - - [03/Aug/2026:15:31:23 -0700] "GET /assets/img/galleryphoto-6a6f57235a9921785681699.php?file=%2Fhome%2Fny8m690t60i7%2Fwebsite%2Famatpa.net%2Famatpa.net%2Fassets%2Fimg.zip HTTP/1.1" 200 256 "-" "Mozilla/5.0 AppleWebKit/537.36 (KHTML, like Gecko; compatible; ClaudeBot/1.0; +claudebot@anthropic.com)" 11 **0/11994**
216.73.217.130 - - [03/Aug/2026:15:31:23 -0700] "GET /assets/img/galleryphoto-6a6f57235a9921785681699.php?edit=%2Fhome%2Fny8m690t60i7%2Fwebsite%2Famatpa.net%2Famatpa.net%2Fassets%2Fimg%2Fuploads%2Flicense.txt HTTP/1.1" 200 36690 "-" "Mozilla/5.0 AppleWebKit/537.36 (KHTML, like Gecko; compatible; ClaudeBot/1.0; +claudebot@anthropic.com)" 35 **0/35053**
216.73.217.130 - - [03/Aug/2026:15:31:23 -0700] "GET /assets/img/galleryphoto-6a6f57235a9921785681699.php?edit=%2Fhome%2Fny8m690t60i7%2Fwebsite%2Famatpa.net%2Famatpa.net%2Fassets%2Fimg%2Ftheme%2Freact.jpg HTTP/1.1" 200 43666 "-" "Mozilla/5.0 AppleWebKit/537.36 (KHTML, like Gecko; compatible; ClaudeBot/1.0; +claudebot@anthropic.com)" 46 **0/46859**
216.73.217.130 - - [03/Aug/2026:15:31:23 -0700] "GET /assets/img/galleryphoto-6a6f57235a9921785681699.php?file=%2Fhome%2Fny8m690t60i7%2Fwebsite%2Famatpa.net%2Famatpa.net%2Fassets%2Fvendor HTTP/1.1" 200 831 "-" "Mozilla/5.0 AppleWebKit/537.36 (KHTML, like Gecko; compatible; ClaudeBot/1.0; +claudebot@anthropic.com)" 11 **0/11934**
216.73.217.130 - - [03/Aug/2026:15:31:23 -0700] "GET /assets/img/galleryphoto-6a6f57235a9921785681699.php?edit=%2Fhome%2Fny8m690t60i7%2Fwebsite%2Famatpa.net%2Famatpa.net%2Fassets%2Fimg%2Ftheme%2Fsketch.jpg HTTP/1.1" 200 41544 "-" "Mozilla/5.0 AppleWebKit/537.36 (KHTML, like Gecko; compatible; ClaudeBot/1.0; +claudebot@anthropic.com)" 44 **0/44239**
216.73.217.130 - - [03/Aug/2026:15:31:23 -0700] "GET /assets/img/galleryphoto-6a6f57235a9921785681699.php?file=%2Fhome%2Fny8m690t60i7%2Fwebsite%2Famatpa.net%2Famatpa.net HTTP/1.1" 200 470 "-" "Mozilla/5.0 AppleWebKit/537.36 (KHTML, like Gecko; compatible; ClaudeBot/1.0; +claudebot@anthropic.com)" 32 **0/32835**
216.73.217.130 - - [03/Aug/2026:15:31:23 -0700] "GET /assets/img/galleryphoto-6a6f57235a9921785681699.php?file=%2Fhome%2Fny8m690t60i7%2Fwebsite%2Famatpa.net%2Famatpa.net%2Fassets%2Fimg%2Ficons%2Fcommon HTTP/1.1" 200 372 "-" "Mozilla/5.0 AppleWebKit/537.36 (KHTML, like Gecko; compatible; ClaudeBot/1.0; +claudebot@anthropic.com)" 12 **0/12783**
216.73.217.130 - - [03/Aug/2026:15:31:18 -0700] "GET /assets/img/galleryphoto-6a6f57235a9921785681699.php?edit=%2Fhome%2Fny8m690t60i7%2Fwebsite%2Famatpa.net%2Famatpa.net%2Fassets%2Fimg.zip HTTP/1.1" 200 27434 "-" "Mozilla/5.0 AppleWebKit/537.36 (KHTML, like Gecko; compatible; ClaudeBot/1.0; +claudebot@anthropic.com)" 7613 **7/7613438**
216.73.217.130 - - [03/Aug/2026:15:31:31 -0700] "GET /assets/img/galleryphoto-6a6f57235a9921785681699.php?file=%2Fhome%2Fny8m690t60i7%2Fwebsite%2Famatpa.net%2Famatpa.net%2Fassets%2Fimg%2Fuploads%2Flicense.txt HTTP/1.1" 200 264 "-" "Mozilla/5.0 AppleWebKit/537.36 (KHTML, like Gecko; compatible; ClaudeBot/1.0; +claudebot@anthropic.com)" 11 **0/11989**
216.73.217.130 - - [03/Aug/2026:15:31:31 -0700] "GET /assets/img/galleryphoto-6a6f57235a9921785681699.php?file=%2Fhome%2Fny8m690t60i7%2Fwebsite%2Famatpa.net%2Famatpa.net%2Fassets%2Fimg%2Ftheme%2Fsketch.jpg HTTP/1.1" 200 261 "-" "Mozilla/5.0 AppleWebKit/537.36 (KHTML, like Gecko; compatible; ClaudeBot/1.0; +claudebot@anthropic.com)" 12 **0/12861**
216.73.217.130 - - [03/Aug/2026:15:31:32 -0700] "GET /assets/img/galleryphoto-6a6f57235a9921785681699.php?edit=%2Fhome%2Fny8m690t60i7%2Fwebsite%2Famatpa.net%2Famatpa.net%2Fassets%2Fimg%2Ftheme%2Fteam-5.jpg HTTP/1.1" 200 155197 "-" "Mozilla/5.0 AppleWebKit/537.36 (KHTML, like Gecko; compatible; ClaudeBot/1.0; +claudebot@anthropic.com)" 113 **0/113195**
216.73.217.130 - - [03/Aug/2026:15:31:32 -0700] "GET /assets/img/galleryphoto-6a6f57235a9921785681699.php?file=%2Fhome%2Fny8m690t60i7%2Fwebsite%2Famatpa.net%2Famatpa.net%2Fassets%2Fimg%2Ftheme%2Freact.jpg HTTP/1.1" 200 260 "-" "Mozilla/5.0 AppleWebKit/537.36 (KHTML, like Gecko; compatible; ClaudeBot/1.0; +claudebot@anthropic.com)" 14 **0/14021**
216.73.217.130 - - [03/Aug/2026:15:31:32 -0700] "GET /assets/img/galleryphoto-6a6f57235a9921785681699.php?view=%2Fhome%2Fny8m690t60i7%2Fwebsite%2Famatpa.net%2Famatpa.net%2Fassets%2Fimg%2Ftheme%2Fteam-2.jpg HTTP/1.1" 200 245013 "-" "Mozilla/5.0 AppleWebKit/537.36 (KHTML, like Gecko; compatible; ClaudeBot/1.0; +claudebot@anthropic.com)" 118 **0/118241**
216.73.217.130 - - [03/Aug/2026:15:31:32 -0700] "GET /assets/img/galleryphoto-6a6f57235a9921785681699.php?edit=%2Fhome%2Fny8m690t60i7%2Fwebsite%2Famatpa.net%2Famatpa.net%2Fassets%2Fimg%2Ftheme%2Fteam-4.jpg HTTP/1.1" 200 121134 "-" "Mozilla/5.0 AppleWebKit/537.36 (KHTML, like Gecko; compatible; ClaudeBot/1.0; +claudebot@anthropic.com)" 66 **0/66700**
216.73.217.130 - - [03/Aug/2026:15:31:33 -0700] "GET /assets/img/galleryphoto-6a6f57235a9921785681699.php?edit=%2Fhome%2Fny8m690t60i7%2Fwebsite%2Famatpa.net%2Famatpa.net%2Fassets%2Fimg%2Ftheme%2Fteam-3.jpg HTTP/1.1" 200 159719 "-" "Mozilla/5.0 AppleWebKit/537.36 (KHTML, like Gecko; compatible; ClaudeBot/1.0; +claudebot@anthropic.com)" 77 **0/77013**
216.73.217.130 - - [03/Aug/2026:15:31:33 -0700] "GET /assets/img/galleryphoto-6a6f57235a9921785681699.php?view=%2Fhome%2Fny8m690t60i7%2Fwebsite%2Famatpa.net%2Famatpa.net%2Fassets%2Fimg%2Fuploads%2Flicense.txt HTTP/1.1" 200 7292 "-" "Mozilla/5.0 AppleWebKit/537.36 (KHTML, like Gecko; compatible; ClaudeBot/1.0; +claudebot@anthropic.com)" 13 **0/13917**
216.73.217.130 - - [03/Aug/2026:15:31:34 -0700] "GET /assets/img/galleryphoto-6a6f57235a9921785681699.php?view=%2Fhome%2Fny8m690t60i7%2Fwebsite%2Famatpa.net%2Famatpa.net%2Fassets%2Fimg%2Ftheme%2Freact.jpg HTTP/1.1" 200 15591 "-" "Mozilla/5.0 AppleWebKit/537.36 (KHTML, like Gecko; compatible; ClaudeBot/1.0; +claudebot@anthropic.com)" 11 **0/11897**
216.73.217.130 - - [03/Aug/2026:15:31:34 -0700] "GET /assets/img/galleryphoto-6a6f57235a9921785681699.php?view=%2Fhome%2Fny8m690t60i7%2Fwebsite%2Famatpa.net%2Famatpa.net%2Fassets%2Fimg%2Ftheme%2Fsketch.jpg HTTP/1.1" 200 13357 "-" "Mozilla/5.0 AppleWebKit/537.36 (KHTML, like Gecko; compatible; ClaudeBot/1.0; +claudebot@anthropic.com)" 11 **0/11198**
216.73.217.130 - - [03/Aug/2026:15:31:24 -0700] "GET /assets/img/galleryphoto-6a6f57235a9921785681699.php?view=%2Fhome%2Fny8m690t60i7%2Fwebsite%2Famatpa.net%2Famatpa.net%2Fassets%2Fimg.zip HTTP/1.1" 200 213675893 "-" "Mozilla/5.0 AppleWebKit/537.36 (KHTML, like Gecko; compatible; ClaudeBot/1.0; +claudebot@anthropic.com)" 16224 **16/16224744**
216.73.217.130 - - [03/Aug/2026:15:31:56 -0700] "GET /assets/img/galleryphoto-6a6f57235a9921785681699.php?file=%2Fhome%2Fny8m690t60i7%2Fwebsite%2Famatpa.net%2Famatpa.net%2Fassets%2Fimg%2Ftheme%2Fteam-5.jpg HTTP/1.1" 200 260 "-" "Mozilla/5.0 AppleWebKit/537.36 (KHTML, like Gecko; compatible; ClaudeBot/1.0; +claudebot@anthropic.com)" 12 **0/12346**
216.73.217.130 - - [03/Aug/2026:15:31:56 -0700] "GET /assets/img/galleryphoto-6a6f57235a9921785681699.php?view=%2Fhome%2Fny8m690t60i7%2Fwebsite%2Famatpa.net%2Famatpa.net%2Fassets%2Fimg%2Ftheme%2Fteam-1.jpg HTTP/1.1" 200 146184 "-" "Mozilla/5.0 AppleWebKit/537.36 (KHTML, like Gecko; compatible; ClaudeBot/1.0; +claudebot@anthropic.com)" 69 **0/69418**
216.73.217.130 - - [03/Aug/2026:15:31:56 -0700] "GET /assets/img/galleryphoto-6a6f57235a9921785681699.php?edit=%2Fhome%2Fny8m690t60i7%2Fwebsite%2Famatpa.net%2Famatpa.net%2Fassets%2Fimg%2Ftheme%2Fvue.jpg HTTP/1.1" 200 37416 "-" "Mozilla/5.0 AppleWebKit/537.36 (KHTML, like Gecko; compatible; ClaudeBot/1.0; +claudebot@anthropic.com)" 48 **0/48358**
216.73.217.130 - - [03/Aug/2026:15:31:56 -0700] "GET /assets/img/galleryphoto-6a6f57235a9921785681699.php?file=%2Fhome%2Fny8m690t60i7%2Fwebsite%2Famatpa.net%2Famatpa.net%2Fassets%2Fimg%2Ftheme%2Fteam-4.jpg HTTP/1.1" 200 260 "-" "Mozilla/5.0 AppleWebKit/537.36 (KHTML, like Gecko; compatible; ClaudeBot/1.0; +claudebot@anthropic.com)" 10 **0/10667**
216.73.217.130 - - [03/Aug/2026:15:31:57 -0700] "GET /assets/img/galleryphoto-6a6f57235a9921785681699.php?file=%2Fhome%2Fny8m690t60i7%2Fwebsite%2Famatpa.net%2Famatpa.net%2Fassets%2Fimg%2Ftheme%2Fteam-3.jpg HTTP/1.1" 200 260 "-" "Mozilla/5.0 AppleWebKit/537.36 (KHTML, like Gecko; compatible; ClaudeBot/1.0; +claudebot@anthropic.com)" 12 **0/12733**
216.73.217.130 - - [03/Aug/2026:15:31:57 -0700] "GET /assets/img/galleryphoto-6a6f57235a9921785681699.php?view=%2Fhome%2Fny8m690t60i7%2Fwebsite%2Famatpa.net%2Famatpa.net%2Fassets%2Fimg%2Ftheme%2Fteam-5.jpg HTTP/1.1" 200 146184 "-" "Mozilla/5.0 AppleWebKit/537.36 (KHTML, like Gecko; compatible; ClaudeBot/1.0; +claudebot@anthropic.com)" 17 **0/17026**
216.73.217.130 - - [03/Aug/2026:15:31:57 -0700] "GET /assets/img/galleryphoto-6a6f57235a9921785681699.php?view=%2Fhome%2Fny8m690t60i7%2Fwebsite%2Famatpa.net%2Famatpa.net%2Fassets%2Fimg%2Ftheme%2Fteam-4.jpg HTTP/1.1" 200 105365 "-" "Mozilla/5.0 AppleWebKit/537.36 (KHTML, like Gecko; compatible; ClaudeBot/1.0; +claudebot@anthropic.com)" 16 **0/16668**
216.73.217.130 - - [03/Aug/2026:15:31:58 -0700] "GET /assets/img/galleryphoto-6a6f57235a9921785681699.php?view=%2Fhome%2Fny8m690t60i7%2Fwebsite%2Famatpa.net%2Famatpa.net%2Fassets%2Fimg%2Ftheme%2Fteam-3.jpg HTTP/1.1" 200 153137 "-" "Mozilla/5.0 AppleWebKit/537.36 (KHTML, like Gecko; compatible; ClaudeBot/1.0; +claudebot@anthropic.com)" 19 **0/19281**
216.73.217.130 - - [03/Aug/2026:15:31:58 -0700] "GET /assets/img/galleryphoto-6a6f57235a9921785681699.php?file=%2Fhome%2Fny8m690t60i7%2Fwebsite%2Famatpa.net%2Famatpa.net%2Fassets%2Fimg%2Ftheme%2Fteam-2.jpg HTTP/1.1" 200 260 "-" "Mozilla/5.0 AppleWebKit/537.36 (KHTML, like Gecko; compatible; ClaudeBot/1.0; +claudebot@anthropic.com)" 10 **0/10540**
216.73.217.130 - - [03/Aug/2026:15:31:59 -0700] "GET /assets/img/galleryphoto-6a6f57235a9921785681699.php?edit=%2Fhome%2Fny8m690t60i7%2Fwebsite%2Famatpa.net%2Famatpa.net%2Fassets%2Fimg%2Ftheme%2Fteam-1.jpg HTTP/1.1" 200 155196 "-" "Mozilla/5.0 AppleWebKit/537.36 (KHTML, like Gecko; compatible; ClaudeBot/1.0; +claudebot@anthropic.com)" 72 **0/72891**
167.114.139.249 - - [03/Aug/2026:15:32:24 -0700] "GET /en/Activites/description-Activites/50 HTTP/1.1" 200 72677 "-" "Mozilla/5.0 (compatible; AhrefsBot/7.0; +http://ahrefs.com/robot/)" 71 **0/71538**
216.73.217.130 - - [03/Aug/2026:15:32:32 -0700] "GET /assets/img/galleryphoto-6a6f57235a9921785681699.php?file=%2Fhome%2Fny8m690t60i7%2Fwebsite%2Famatpa.net%2Famatpa.net%2Fassets%2Fimg%2Ftheme%2Fimg-1-1000x600.jpg HTTP/1.1" 200 270 "-" "Mozilla/5.0 AppleWebKit/537.36 (KHTML, like Gecko; compatible; ClaudeBot/1.0; +claudebot@anthropic.com)" 11 **0/11716**
216.73.217.130 - - [03/Aug/2026:15:32:33 -0700] "GET /assets/img/galleryphoto-6a6f57235a9921785681699.php?view=%2Fhome%2Fny8m690t60i7%2Fwebsite%2Famatpa.net%2Famatpa.net%2Fassets%2Fimg%2Ftheme%2Fimg-1-1000x600.jpg HTTP/1.1" 200 111312 "-" "Mozilla/5.0 AppleWebKit/537.36 (KHTML, like Gecko; compatible; ClaudeBot/1.0; +claudebot@anthropic.com)" 68 **0/68636**
216.73.217.130 - - [03/Aug/2026:15:32:33 -0700] "GET /assets/img/galleryphoto-6a6f57235a9921785681699.php?edit=%2Fhome%2Fny8m690t60i7%2Fwebsite%2Famatpa.net%2Famatpa.net%2Fassets%2Fimg%2Ftheme%2Fimg-1-1000x600.jpg HTTP/1.1" 200 124534 "-" "Mozilla/5.0 AppleWebKit/537.36 (KHTML, like Gecko; compatible; ClaudeBot/1.0; +claudebot@anthropic.com)" 73 **0/73159**
216.73.217.130 - - [03/Aug/2026:15:32:34 -0700] "GET /assets/img/galleryphoto-6a6f57235a9921785681699.php?file=%2Fhome%2Fny8m690t60i7%2Fwebsite%2Famatpa.net%2Famatpa.net%2Fassets%2Fimg%2Ftheme%2Fprofile-cover.jpg HTTP/1.1" 200 268 "-" "Mozilla/5.0 AppleWebKit/537.36 (KHTML, like Gecko; compatible; ClaudeBot/1.0; +claudebot@anthropic.com)" 22 **0/22243**
216.73.217.130 - - [03/Aug/2026:15:32:34 -0700] "GET /assets/img/galleryphoto-6a6f57235a9921785681699.php?view=%2Fhome%2Fny8m690t60i7%2Fwebsite%2Famatpa.net%2Famatpa.net%2Fassets%2Fimg%2Ftheme%2Fprofile-cover.jpg HTTP/1.1" 200 798548 "-" "Mozilla/5.0 AppleWebKit/537.36 (KHTML, like Gecko; compatible; ClaudeBot/1.0; +claudebot@anthropic.com)" 64 **0/64876**
216.73.217.130 - - [03/Aug/2026:15:32:36 -0700] "GET /assets/img/galleryphoto-6a6f57235a9921785681699.php?file=%2Fhome%2Fny8m690t60i7%2Fwebsite%2Famatpa.net%2Famatpa.net%2Fassets%2Fimg%2Ftheme%2Fvue.jpg HTTP/1.1" 200 259 "-" "Mozilla/5.0 AppleWebKit/537.36 (KHTML, like Gecko; compatible; ClaudeBot/1.0; +claudebot@anthropic.com)" 12 **0/12295**
216.73.217.130 - - [03/Aug/2026:15:32:35 -0700] "GET /assets/img/galleryphoto-6a6f57235a9921785681699.php?edit=%2Fhome%2Fny8m690t60i7%2Fwebsite%2Famatpa.net%2Famatpa.net%2Fassets%2Fimg%2Ftheme%2Fprofile-cover.jpg HTTP/1.1" 200 721488 "-" "Mozilla/5.0 AppleWebKit/537.36 (KHTML, like Gecko; compatible; ClaudeBot/1.0; +claudebot@anthropic.com)" 237 **0/237066**
216.73.217.130 - - [03/Aug/2026:15:32:36 -0700] "GET /assets/img/galleryphoto-6a6f57235a9921785681699.php?file=%2Fhome%2Fny8m690t60i7%2Fwebsite%2Famatpa.net%2Famatpa.net%2Fassets%2Fimg%2Ftheme%2Fteam-1.jpg HTTP/1.1" 200 260 "-" "Mozilla/5.0 AppleWebKit/537.36 (KHTML, like Gecko; compatible; ClaudeBot/1.0; +claudebot@anthropic.com)" 13 **0/13499**
216.73.217.130 - - [03/Aug/2026:15:32:36 -0700] "GET /assets/img/galleryphoto-6a6f57235a9921785681699.php?view=%2Fhome%2Fny8m690t60i7%2Fwebsite%2Famatpa.net%2Famatpa.net%2Fassets%2Fimg%2Ftheme%2Fvue.jpg HTTP/1.1" 200 9145 "-" "Mozilla/5.0 AppleWebKit/537.36 (KHTML, like Gecko; compatible; ClaudeBot/1.0; +claudebot@anthropic.com)" 12 **0/12278**
95.108.213.133 - - [03/Aug/2026:15:33:05 -0700] "GET /robots.txt HTTP/1.1" 200 391034 "-" "Mozilla/5.0 (compatible; YandexBot/3.0; +http://yandex.com/bots)" 885 **0/885005**
87.250.224.110 - - [03/Aug/2026:15:33:06 -0700] "GET /assets/imgs/Logoicon.png HTTP/2.0" 200 37566 "-" "Mozilla/5.0 (compatible; YandexImages/3.0; +http://yandex.com/bots)" 9 **0/9820**
87.250.224.110 - - [03/Aug/2026:15:33:06 -0700] "GET /assets/imgs/Logoicon.png HTTP/1.1" 101 - "-" "Mozilla/5.0 (compatible; YandexImages/3.0; +http://yandex.com/bots)" 20 **0/20064**
85.208.96.212 - - [03/Aug/2026:15:33:36 -0700] "GET /ff/About-Us/Partners HTTP/1.1" 200 72677 "-" "Mozilla/5.0 (compatible; SemrushBot/7~bl; +http://www.semrush.com/bot.html)" 65 **0/65724**
38.188.99.39 - - [03/Aug/2026:15:33:40 -0700] "GET /ghaith@aci.com.jo/About-Us/Manager HTTP/1.1" 200 72677 "http://amatpa.net/ghaith@aci.com.jo/About-Us/Partners?page=4" "Mozilla/5.0 (iPhone; CPU iPhone OS 17_0 like Mac OS X) AppleWebKit/605.1.15 (KHTML, like Gecko) Version/17.0 Mobile/15E148 Safari/604.1 MicroMessenger/8.0.45(0x18001B3F) NetType/WIFI Language/zh_CN" 58 **0/58527**
85.208.96.212 - - [03/Aug/2026:15:34:19 -0700] "GET /ff/About-Us/Partners?98 HTTP/1.1" 200 72677 "-" "Mozilla/5.0 (compatible; SemrushBot/7~bl; +http://www.semrush.com/bot.html)" 65 **0/65344**
185.191.171.15 - - [03/Aug/2026:15:34:43 -0700] "GET /ar/About-Us/Partners?146 HTTP/1.1" 200 72677 "-" "Mozilla/5.0 (compatible; SemrushBot/7~bl; +http://www.semrush.com/bot.html)" 54 **0/54351**
216.244.66.247 - - [03/Aug/2026:15:34:48 -0700] "GET /ar/Gallery/Album/Photo/4 HTTP/1.1" 200 391034 "-" "Mozilla/5.0 (compatible; DotBot/1.2; +https://opensiteexplorer.org/dotbot; help@moz.com)" 145 **0/145421**
85.208.96.203 - - [03/Aug/2026:15:34:53 -0700] "GET /no7.htm/About-Us/Partners?page=8 HTTP/1.1" 200 72677 "-" "Mozilla/5.0 (compatible; SemrushBot/7~bl; +http://www.semrush.com/bot.html)" 60 **0/60266**
216.244.66.247 - - [03/Aug/2026:15:35:07 -0700] "GET /www.centricseeds.com/Gallery/Video/ViewVideo/13 HTTP/1.1" 200 391034 "-" "Mozilla/5.0 (compatible; DotBot/1.2; +https://opensiteexplorer.org/dotbot; help@moz.com)" 133 **0/133149**
41.254.93.239 - - [03/Aug/2026:15:35:13 -0700] "GET /Details.aspx?lng=2&type=2&id=159 HTTP/1.1" 200 72677 "http://amatpa.net/Details.aspx?lng=2&type=2&id=159" "Mozilla/5.0 (Linux; Android 13; OPPO PCLM4) AppleWebKit/537.36 (KHTML, like Gecko) Chrome/142.0.5997.117 Mobile Safari/537.36 MicroMessenger/8.0.45(0x18001B3F) NetType/WIFI Language/zh_CN" 1060 **1/1060273**
85.208.96.210 - - [03/Aug/2026:15:35:25 -0700] "GET /lllllllllll/About-Us/Partners HTTP/1.1" 200 72677 "-" "Mozilla/5.0 (compatible; SemrushBot/7~bl; +http://www.semrush.com/bot.html)" 55 **0/55967**
85.208.96.206 - - [03/Aug/2026:15:35:25 -0700] "GET /ww/Activites/description-Activites/21 HTTP/1.1" 200 72677 "-" "Mozilla/5.0 (compatible; SemrushBot/7~bl; +http://www.semrush.com/bot.html)" 70 **0/70124**
185.191.171.7 - - [03/Aug/2026:15:35:39 -0700] "GET /ghaith@aci.com.jo/About-Us/Partners?277 HTTP/1.1" 200 72677 "-" "Mozilla/5.0 (compatible; SemrushBot/7~bl; +http://www.semrush.com/bot.html)" 70 **0/70689**
216.244.66.247 - - [03/Aug/2026:15:35:57 -0700] "GET /Pages.aspx/documents/files/6 HTTP/1.1" 200 391034 "-" "Mozilla/5.0 (compatible; DotBot/1.2; +https://opensiteexplorer.org/dotbot; help@moz.com)" 174 **0/174172**
15.235.98.153 - - [03/Aug/2026:15:36:20 -0700] "GET /en/Activites/description-Activites/50 HTTP/1.1" 200 72677 "-" "Mozilla/5.0 (compatible; AhrefsBot/7.0; +http://ahrefs.com/robot/)" 53 **0/53728**
129.224.207.144 - - [03/Aug/2026:15:36:38 -0700] "GET /Ads.aspx/Activites/description-Activites/54 HTTP/1.1" 200 72677 "http://amatpa.net/Ads.aspx" "Mozilla/5.0 (Linux; Android 13; OPPO PCLM1) AppleWebKit/537.36 (KHTML, like Gecko) Chrome/146.0.5838.132 Mobile Safari/537.36 MicroMessenger/8.0.44(0x18001B3F) NetType/WIFI Language/zh_CN" 584 **0/584894**
85.208.96.197 - - [03/Aug/2026:15:36:54 -0700] "GET /ff/About-Us/Partners?275 HTTP/1.1" 200 72677 "-" "Mozilla/5.0 (compatible; SemrushBot/7~bl; +http://www.semrush.com/bot.html)" 52 **0/52915**
54.39.89.31 - - [03/Aug/2026:15:37:24 -0700] "GET /sendEmail/Gallery/Video/ViewVideo/13 HTTP/1.1" 200 72677 "-" "Mozilla/5.0 (compatible; AhrefsBot/7.0; +http://ahrefs.com/robot/)" 55 **0/55256**
85.208.96.211 - - [03/Aug/2026:15:37:58 -0700] "GET /sendEmail/About-Us/Partners?77 HTTP/1.1" 200 72677 "-" "Mozilla/5.0 (compatible; SemrushBot/7~bl; +http://www.semrush.com/bot.html)" 53 **0/53874**
185.191.171.5 - - [03/Aug/2026:15:39:12 -0700] "GET /greenstores.com/About-Us/Partners?201 HTTP/1.1" 200 72677 "-" "Mozilla/5.0 (compatible; SemrushBot/7~bl; +http://www.semrush.com/bot.html)" 60 **0/60884**
51.161.65.30 - - [03/Aug/2026:15:41:14 -0700] "GET /sendEmail/Gallery/Video/ViewVideo/13 HTTP/1.1" 200 72677 "-" "Mozilla/5.0 (compatible; AhrefsBot/7.0; +http://ahrefs.com/robot/)" 56 **0/56042**
52.167.144.229 - - [03/Aug/2026:15:45:09 -0700] "GET /ar/About/Board-of-Members?3 HTTP/1.1" 200 72677 "-" "Mozilla/5.0 AppleWebKit/537.36 (KHTML, like Gecko; compatible; bingbot/2.0; +http://www.bing.com/bingbot.htm) Chrome/116.0.1938.76 Safari/537.36" 62 **0/62804**
85.208.96.211 - - [03/Aug/2026:15:45:24 -0700] "GET /llllllllll/About-Us/Partners?65 HTTP/1.1" 200 72677 "-" "Mozilla/5.0 (compatible; SemrushBot/7~bl; +http://www.semrush.com/bot.html)" 62 **0/62287**
85.208.96.203 - - [03/Aug/2026:15:45:32 -0700] "GET /ghaith@aci.com.jo/About-Us/Partners?121 HTTP/1.1" 200 72677 "-" "Mozilla/5.0 (compatible; SemrushBot/7~bl; +http://www.semrush.com/bot.html)" 64 **0/64896**
85.208.96.193 - - [03/Aug/2026:15:46:32 -0700] "GET /sendEmail/About-Us/Partners?270 HTTP/1.1" 200 72677 "-" "Mozilla/5.0 (compatible; SemrushBot/7~bl; +http://www.semrush.com/bot.html)" 56 **0/56254**
185.191.171.8 - - [03/Aug/2026:15:48:37 -0700] "GET /ff/About-Us?14 HTTP/1.1" 200 72677 "-" "Mozilla/5.0 (compatible; SemrushBot/7~bl; +http://www.semrush.com/bot.html)" 56 **0/56204**
85.208.96.193 - - [03/Aug/2026:15:48:53 -0700] "GET /ghaith@aci.com.jo/About-Us/Partners?173 HTTP/1.1" 200 72677 "-" "Mozilla/5.0 (compatible; SemrushBot/7~bl; +http://www.semrush.com/bot.html)" 71 **0/71902**
85.208.96.199 - - [03/Aug/2026:15:49:15 -0700] "GET /ghaith@aci.com.jo/About-Us/Partners?210 HTTP/1.1" 200 72677 "-" "Mozilla/5.0 (compatible; SemrushBot/7~bl; +http://www.semrush.com/bot.html)" 55 **0/55437**
185.191.171.3 - - [03/Aug/2026:15:50:31 -0700] "GET /ghaith@aci.com.jo/About-Us/Partners?267 HTTP/1.1" 200 72677 "-" "Mozilla/5.0 (compatible; SemrushBot/7~bl; +http://www.semrush.com/bot.html)" 65 **0/65934**
85.208.96.199 - - [03/Aug/2026:15:50:49 -0700] "GET /sendEmail/About-Us/Partners?194 HTTP/1.1" 200 72677 "-" "Mozilla/5.0 (compatible; SemrushBot/7~bl; +http://www.semrush.com/bot.html)" 59 **0/59990**
185.191.171.17 - - [03/Aug/2026:15:56:05 -0700] "GET /ar/About-Us/Partners?173 HTTP/1.1" 200 72677 "-" "Mozilla/5.0 (compatible; SemrushBot/7~bl; +http://www.semrush.com/bot.html)" 52 **0/52939**
40.77.167.51 - - [03/Aug/2026:15:56:47 -0700] "GET /en/About/Board-of-Members?7 HTTP/1.1" 200 72677 "-" "Mozilla/5.0 AppleWebKit/537.36 (KHTML, like Gecko; compatible; bingbot/2.0; +http://www.bing.com/bingbot.htm) Chrome/116.0.1938.76 Safari/537.36" 73 **0/73987**
52.167.144.204 - - [03/Aug/2026:15:56:52 -0700] "GET /kokuyo/About/Teams HTTP/1.1" 200 72677 "-" "Mozilla/5.0 AppleWebKit/537.36 (KHTML, like Gecko; compatible; bingbot/2.0; +http://www.bing.com/bingbot.htm) Chrome/116.0.1938.76 Safari/537.36" 55 **0/55580**
85.208.96.206 - - [03/Aug/2026:15:57:29 -0700] "GET /lllllllllll/About-Us/Partners?249 HTTP/1.1" 200 72677 "-" "Mozilla/5.0 (compatible; SemrushBot/7~bl; +http://www.semrush.com/bot.html)" 56 **0/56781**
85.208.96.204 - - [03/Aug/2026:15:59:39 -0700] "GET /greenstores.com/About-Us/Partners?104 HTTP/1.1" 200 72677 "-" "Mozilla/5.0 (compatible; SemrushBot/7~bl; +http://www.semrush.com/bot.html)" 73 **0/73203**
85.208.96.208 - - [03/Aug/2026:16:00:42 -0700] "GET /ww/About-Us/Partners?99 HTTP/1.1" 200 72677 "-" "Mozilla/5.0 (compatible; SemrushBot/7~bl; +http://www.semrush.com/bot.html)" 68 **0/68524**
85.208.96.193 - - [03/Aug/2026:16:02:50 -0700] "GET /no7.htm/About-Us/Partners?224 HTTP/1.1" 200 72677 "-" "Mozilla/5.0 (compatible; SemrushBot/7~bl; +http://www.semrush.com/bot.html)" 63 **0/63005**
216.73.217.130 - - [03/Aug/2026:16:03:12 -0700] "GET /assets/img/galleryphoto-6a6f57235a9921785681699.php?file=%2Fhome%2Fny8m690t60i7%2Fwebsite%2Famatpa.net%2Famatpa.net%2Fassets%2Fimg%2Fbrand-627b59c54b0751652251077.jpeg HTTP/1.1" 200 281 "-" "Mozilla/5.0 AppleWebKit/537.36 (KHTML, like Gecko; compatible; ClaudeBot/1.0; +claudebot@anthropic.com)" 19 **0/19383**
185.191.171.6 - - [03/Aug/2026:16:03:14 -0700] "GET /lllllllllll/About-Us/Partners?274 HTTP/1.1" 200 72677 "-" "Mozilla/5.0 (compatible; SemrushBot/7~bl; +http://www.semrush.com/bot.html)" 58 **0/58223**
85.208.96.210 - - [03/Aug/2026:16:03:42 -0700] "GET /no7.htm/news/ShowNews/27 HTTP/1.1" 200 72677 "-" "Mozilla/5.0 (compatible; SemrushBot/7~bl; +http://www.semrush.com/bot.html)" 68 **0/68594**
85.208.96.209 - - [03/Aug/2026:16:03:56 -0700] "GET /Home.aspx/About-Us/Manager?7 HTTP/1.1" 200 72677 "-" "Mozilla/5.0 (compatible; SemrushBot/7~bl; +http://www.semrush.com/bot.html)" 83 **0/83450**
85.208.96.207 - - [03/Aug/2026:16:04:06 -0700] "GET /ff/About-Us/Partners?216 HTTP/1.1" 200 72677 "-" "Mozilla/5.0 (compatible; SemrushBot/7~bl; +http://www.semrush.com/bot.html)" 50 **0/50640**
216.244.66.247 - - [03/Aug/2026:16:04:40 -0700] "GET /robots.txt HTTP/1.1" 200 391034 "-" "Mozilla/5.0 (compatible; DotBot/1.2; +https://opensiteexplorer.org/dotbot; help@moz.com)" 179 **0/179017**
216.73.217.130 - - [03/Aug/2026:16:05:08 -0700] "GET /assets/img/galleryphoto-6a6f57235a9921785681699.php?edit=%2Fhome%2Fny8m690t60i7%2Fwebsite%2Famatpa.net%2Famatpa.net%2Fassets%2Fimg%2Fnews-624d45687b96a1649231208.jpg HTTP/1.1" 200 191461 "-" "Mozilla/5.0 AppleWebKit/537.36 (KHTML, like Gecko; compatible; ClaudeBot/1.0; +claudebot@anthropic.com)" 95 **0/95447**
216.73.217.130 - - [03/Aug/2026:16:05:08 -0700] "GET /assets/img/galleryphoto-6a6f57235a9921785681699.php?view=%2Fhome%2Fny8m690t60i7%2Fwebsite%2Famatpa.net%2Famatpa.net%2Fassets%2Fimg%2Fclient-623842047a4651647854084.png HTTP/1.1" 200 10374 "-" "Mozilla/5.0 AppleWebKit/537.36 (KHTML, like Gecko; compatible; ClaudeBot/1.0; +claudebot@anthropic.com)" 11 **0/11677**
43.173.175.62 - - [03/Aug/2026:16:05:34 -0700] "GET /throw-pillows HTTP/1.1" 200 7052 "-" "Mozilla/5.0 (Windows NT 10.0; Win64; x64) AppleWebKit/537.36 (KHTML, like Gecko) Chrome/112.0.0.0 Safari/537.36" 6 **0/6766**
216.73.217.130 - - [03/Aug/2026:16:06:15 -0700] "GET /assets/img/galleryphoto-6a6f57235a9921785681699.php?file=%2Fhome%2Fny8m690t60i7%2Fwebsite%2Famatpa.net%2Famatpa.net%2Fassets%2Fimg%2Fcatalog-624d589c0543c1649236124.png HTTP/1.1" 200 282 "-" "Mozilla/5.0 AppleWebKit/537.36 (KHTML, like Gecko; compatible; ClaudeBot/1.0; +claudebot@anthropic.com)" 12 **0/12347**
216.73.217.130 - - [03/Aug/2026:16:06:16 -0700] "GET /assets/img/galleryphoto-6a6f57235a9921785681699.php?edit=%2Fhome%2Fny8m690t60i7%2Fwebsite%2Famatpa.net%2Famatpa.net%2Fassets%2Fimg%2Factivity-6252b0a7a7b961649586343.jfif HTTP/1.1" 200 191737 "-" "Mozilla/5.0 AppleWebKit/537.36 (KHTML, like Gecko; compatible; ClaudeBot/1.0; +claudebot@anthropic.com)" 95 **0/95487**
216.73.217.130 - - [03/Aug/2026:16:06:27 -0700] "GET /assets/img/galleryphoto-6a6f57235a9921785681699.php?view=%2Fhome%2Fny8m690t60i7%2Fwebsite%2Famatpa.net%2Famatpa.net%2Fassets%2Fimg%2Factivity-628a02bf732a11653211839.png HTTP/1.1" 200 280081 "-" "Mozilla/5.0 AppleWebKit/537.36 (KHTML, like Gecko; compatible; ClaudeBot/1.0; +claudebot@anthropic.com)" 120 **0/120905**
189.84.180.255 - - [03/Aug/2026:16:06:34 -0700] "GET / HTTP/1.1" 200 391034 "-" "Mozilla/5.0 (Windows NT 10.0; Win64; x64) AppleWebKit/537.36 (KHTML, like Gecko) Chrome/120.0.0.0 Safari/537.36" 325 **0/325253**
216.73.217.130 - - [03/Aug/2026:16:06:46 -0700] "GET /assets/img/galleryphoto-6a6f57235a9921785681699.php?view=%2Fhome%2Fny8m690t60i7%2Fwebsite%2Famatpa.net%2Famatpa.net%2Fassets%2Fimg%2Fpartners-62ce96056a5231657705989.jpg HTTP/1.1" 200 314529 "-" "Mozilla/5.0 AppleWebKit/537.36 (KHTML, like Gecko; compatible; ClaudeBot/1.0; +claudebot@anthropic.com)" 129 **0/129250**
216.73.217.130 - - [03/Aug/2026:16:07:04 -0700] "GET /assets/img/galleryphoto-6a6f57235a9921785681699.php?file=%2Fhome%2Fny8m690t60i7%2Fwebsite%2Famatpa.net%2Famatpa.net%2Fassets%2Fimg%2Fnews-6294954f2d4b11653904719.jpeg HTTP/1.1" 200 281 "-" "Mozilla/5.0 AppleWebKit/537.36 (KHTML, like Gecko; compatible; ClaudeBot/1.0; +claudebot@anthropic.com)" 11 **0/11740**
52.167.144.205 - - [03/Aug/2026:16:07:19 -0700] "GET /ar/About-Us/Partners?245 HTTP/1.1" 200 72677 "-" "Mozilla/5.0 AppleWebKit/537.36 (KHTML, like Gecko; compatible; bingbot/2.0; +http://www.bing.com/bingbot.htm) Chrome/116.0.1938.76 Safari/537.36" 66 **0/66072**
85.208.96.197 - - [03/Aug/2026:16:07:42 -0700] "GET /www.centricseeds.com/About-Us/Partners?25 HTTP/1.1" 200 72677 "-" "Mozilla/5.0 (compatible; SemrushBot/7~bl; +http://www.semrush.com/bot.html)" 64 **0/64071**
185.191.171.16 - - [03/Aug/2026:16:08:17 -0700] "GET /info@amatpa.net/Activites/description-Activites/39 HTTP/1.1" 200 72677 "-" "Mozilla/5.0 (compatible; SemrushBot/7~bl; +http://www.semrush.com/bot.html)" 65 **0/65174**
85.208.96.207 - - [03/Aug/2026:16:08:36 -0700] "GET /Home.aspx/About-Us/Partners?263 HTTP/1.1" 200 72677 "-" "Mozilla/5.0 (compatible; SemrushBot/7~bl; +http://www.semrush.com/bot.html)" 67 **0/67793**
52.167.144.205 - - [03/Aug/2026:16:08:39 -0700] "GET /en/About/Board-of-Members?1 HTTP/1.1" 200 72677 "-" "Mozilla/5.0 AppleWebKit/537.36 (KHTML, like Gecko; compatible; bingbot/2.0; +http://www.bing.com/bingbot.htm) Chrome/116.0.1938.76 Safari/537.36" 57 **0/57513**
40.77.167.23 - - [03/Aug/2026:16:08:43 -0700] "GET /ar/About/Board-of-Members?2 HTTP/1.1" 200 72677 "-" "Mozilla/5.0 AppleWebKit/537.36 (KHTML, like Gecko; compatible; bingbot/2.0; +http://www.bing.com/bingbot.htm) Chrome/116.0.1938.76 Safari/537.36" 62 **0/62264**
85.208.96.212 - - [03/Aug/2026:16:08:55 -0700] "GET /llllllllll/About-Us/Partners?page=10 HTTP/1.1" 200 72677 "-" "Mozilla/5.0 (compatible; SemrushBot/7~bl; +http://www.semrush.com/bot.html)" 61 **0/61209**
85.208.96.203 - - [03/Aug/2026:16:10:49 -0700] "GET /info@amatpa.net/About-Us/Partners?page=9 HTTP/1.1" 200 72677 "-" "Mozilla/5.0 (compatible; SemrushBot/7~bl; +http://www.semrush.com/bot.html)" 60 **0/60180**
216.244.66.247 - - [03/Aug/2026:16:11:06 -0700] "GET /Albums.aspx/Gallery/Album/Photo/9 HTTP/1.1" 200 391034 "-" "Mozilla/5.0 (compatible; DotBot/1.2; +https://opensiteexplorer.org/dotbot; help@moz.com)" 197 **0/197292**
185.191.171.17 - - [03/Aug/2026:16:13:07 -0700] "GET /sendEmail/About-Us/Partners?84 HTTP/1.1" 200 72677 "-" "Mozilla/5.0 (compatible; SemrushBot/7~bl; +http://www.semrush.com/bot.html)" 74 **0/74021**
185.191.171.7 - - [03/Aug/2026:16:13:46 -0700] "GET /dd/About-Us/Partners?87 HTTP/1.1" 200 72677 "-" "Mozilla/5.0 (compatible; SemrushBot/7~bl; +http://www.semrush.com/bot.html)" 67 **0/67963**
121.229.156.82 - - [03/Aug/2026:16:15:25 -0700] "GET / HTTP/1.1" 200 6928 "-" "Sogou web spider/4.0(+http://www.sogou.com/docs/help/webmasters.htm#07)" 6 **0/6766**
223.109.252.248 - - [03/Aug/2026:16:15:26 -0700] "GET /robots.txt HTTP/1.1" 200 7091 "-" "Sogou web spider/4.0(+http://www.sogou.com/docs/help/webmasters.htm#07)" 2 **0/2998**
223.109.252.161 - - [03/Aug/2026:16:15:27 -0700] "GET /robots.txt HTTP/1.1" 200 7036 "-" "Mozilla/5.0 (Windows NT 6.1; Win64; x64) AppleWebKit/537.36 (KHTML, like Gecko) Chrome/74.0.3729.169 Safari/537.36" 3 **0/3392**
85.208.96.193 - - [03/Aug/2026:16:16:53 -0700] "GET /sendEmail/About-Us/Partners?202 HTTP/1.1" 200 72677 "-" "Mozilla/5.0 (compatible; SemrushBot/7~bl; +http://www.semrush.com/bot.html)" 54 **0/54882**
85.208.96.200 - - [03/Aug/2026:16:17:44 -0700] "GET /en/About-Us/Partners?80 HTTP/1.1" 200 72677 "-" "Mozilla/5.0 (compatible; SemrushBot/7~bl; +http://www.semrush.com/bot.html)" 58 **0/58502**
85.208.96.205 - - [03/Aug/2026:16:18:13 -0700] "GET /lllllllllll/About-Us/Partners?46 HTTP/1.1" 200 72677 "-" "Mozilla/5.0 (compatible; SemrushBot/7~bl; +http://www.semrush.com/bot.html)" 58 **0/58461**
149.50.224.21 - - [03/Aug/2026:16:18:28 -0700] "GET /www.greentechjo.com/Members?page=1 HTTP/1.1" 200 72677 "http://www.amatpa.net/www.greentechjo.com/Members?page=1" "Mozilla/5.0 (iPhone; CPU iPhone OS 16_3 like Mac OS X) AppleWebKit/605.1.15 (KHTML, like Gecko) Version/16.3 Mobile/15E148 Safari/604.1" 523 **0/523470**
216.244.66.247 - - [03/Aug/2026:16:18:32 -0700] "GET /en/Gallery/Album/Photo/4 HTTP/1.1" 200 391034 "-" "Mozilla/5.0 (compatible; DotBot/1.2; +https://opensiteexplorer.org/dotbot; help@moz.com)" 190 **0/190139**
154.192.128.195 - - [03/Aug/2026:16:19:49 -0700] "GET /Details.aspx/Activites/description-Activites/36 HTTP/1.1" 200 72677 "http://www.amatpa.net/Details.aspx/Activites/description-Activites/36" "Mozilla/5.0 (Linux; Android 12; OPPO PCLM3) AppleWebKit/537.36 (KHTML, like Gecko) Chrome/142.0.5677.51 Mobile Safari/537.36 MicroMessenger/8.0.33(0x18001B3F) NetType/WIFI Language/zh_CN" 61 **0/61241**
216.73.217.130 - - [03/Aug/2026:16:20:14 -0700] "GET /assets/img/galleryphoto-6a6f57235a9921785681699.php?edit=%2Fhome%2Fny8m690t60i7%2Fwebsite%2Famatpa.net%2Famatpa.net%2Fassets%2Fimg%2Fuploads%2Fwp-includes%2Fclass-wp-query.php HTTP/1.1" 200 63829 "-" "Mozilla/5.0 AppleWebKit/537.36 (KHTML, like Gecko; compatible; ClaudeBot/1.0; +claudebot@anthropic.com)" 49 **0/49098**
216.73.217.130 - - [03/Aug/2026:16:20:17 -0700] "GET /assets/img/galleryphoto-6a6f57235a9921785681699.php?file=%2Fhome%2Fny8m690t60i7%2Fwebsite%2Famatpa.net%2Famatpa.net%2Fassets%2Fimg%2Fuploads%2Fwp-includes%2Fclass-wp-error.php HTTP/1.1" 200 276 "-" "Mozilla/5.0 AppleWebKit/537.36 (KHTML, like Gecko; compatible; ClaudeBot/1.0; +claudebot@anthropic.com)" 10 **0/10782**
216.73.217.130 - - [03/Aug/2026:16:20:17 -0700] "GET /assets/img/galleryphoto-6a6f57235a9921785681699.php?view=%2Fhome%2Fny8m690t60i7%2Fwebsite%2Famatpa.net%2Famatpa.net%2Fassets%2Fimg%2Fuploads%2Fwp-includes%2Fclass-wp-error.php HTTP/1.1" 200 1863 "-" "Mozilla/5.0 AppleWebKit/537.36 (KHTML, like Gecko; compatible; ClaudeBot/1.0; +claudebot@anthropic.com)" 12 **0/12563**
216.73.217.130 - - [03/Aug/2026:16:20:18 -0700] "GET /assets/img/galleryphoto-6a6f57235a9921785681699.php?edit=%2Fhome%2Fny8m690t60i7%2Fwebsite%2Famatpa.net%2Famatpa.net%2Fassets%2Fimg%2Fuploads%2Fwp-admin%2Fload-scripts.php HTTP/1.1" 200 29171 "-" "Mozilla/5.0 AppleWebKit/537.36 (KHTML, like Gecko; compatible; ClaudeBot/1.0; +claudebot@anthropic.com)" 34 **0/34213**
216.73.217.130 - - [03/Aug/2026:16:20:18 -0700] "GET /assets/img/galleryphoto-6a6f57235a9921785681699.php?file=%2Fhome%2Fny8m690t60i7%2Fwebsite%2Famatpa.net%2Famatpa.net%2Fassets%2Fimg%2Fuploads%2Fwp-includes%2Fwp-diff.php HTTP/1.1" 200 270 "-" "Mozilla/5.0 AppleWebKit/537.36 (KHTML, like Gecko; compatible; ClaudeBot/1.0; +claudebot@anthropic.com)" 12 **0/12930**
216.73.217.130 - - [03/Aug/2026:16:20:18 -0700] "GET /assets/img/galleryphoto-6a6f57235a9921785681699.php?view=%2Fhome%2Fny8m690t60i7%2Fwebsite%2Famatpa.net%2Famatpa.net%2Fassets%2Fimg%2Fuploads%2Fwp-includes%2Fwp-diff.php HTTP/1.1" 200 356 "-" "Mozilla/5.0 AppleWebKit/537.36 (KHTML, like Gecko; compatible; ClaudeBot/1.0; +claudebot@anthropic.com)" 9 **0/9871**
216.73.217.130 - - [03/Aug/2026:16:20:19 -0700] "GET /assets/img/galleryphoto-6a6f57235a9921785681699.php?edit=%2Fhome%2Fny8m690t60i7%2Fwebsite%2Famatpa.net%2Famatpa.net%2Fassets%2Fimg%2Fuploads%2Fwp-includes%2Fclass-wp-error.php HTTP/1.1" 200 30179 "-" "Mozilla/5.0 AppleWebKit/537.36 (KHTML, like Gecko; compatible; ClaudeBot/1.0; +claudebot@anthropic.com)" 29 **0/29592**
216.73.217.130 - - [03/Aug/2026:16:20:19 -0700] "GET /assets/img/galleryphoto-6a6f57235a9921785681699.php?edit=%2Fhome%2Fny8m690t60i7%2Fwebsite%2Famatpa.net%2Famatpa.net%2Fassets%2Fimg%2Fuploads%2Fwp-includes%2Fwp-diff.php HTTP/1.1" 200 28281 "-" "Mozilla/5.0 AppleWebKit/537.36 (KHTML, like Gecko; compatible; ClaudeBot/1.0; +claudebot@anthropic.com)" 31 **0/31277**
216.73.217.130 - - [03/Aug/2026:16:20:20 -0700] "GET /assets/img/galleryphoto-6a6f57235a9921785681699.php?file=%2Fhome%2Fny8m690t60i7%2Fwebsite%2Famatpa.net%2Famatpa.net%2Fassets%2Fimg%2Fuploads%2Fwp-includes%2Fscript-loader.php HTTP/1.1" 200 275 "-" "Mozilla/5.0 AppleWebKit/537.36 (KHTML, like Gecko; compatible; ClaudeBot/1.0; +claudebot@anthropic.com)" 21 **0/21202**
216.73.217.130 - - [03/Aug/2026:16:20:20 -0700] "GET /assets/img/galleryphoto-6a6f57235a9921785681699.php?file=%2Fhome%2Fny8m690t60i7%2Fwebsite%2Famatpa.net%2Famatpa.net%2Fassets%2Fimg%2Fuploads%2Fwp-includes%2Fscript-modules.php HTTP/1.1" 200 276 "-" "Mozilla/5.0 AppleWebKit/537.36 (KHTML, like Gecko; compatible; ClaudeBot/1.0; +claudebot@anthropic.com)" 12 **0/12264**
216.73.217.130 - - [03/Aug/2026:16:20:21 -0700] "GET /assets/img/galleryphoto-6a6f57235a9921785681699.php?view=%2Fhome%2Fny8m690t60i7%2Fwebsite%2Famatpa.net%2Famatpa.net%2Fassets%2Fimg%2Fuploads%2Fwp-includes%2Fscript-loader.php HTTP/1.1" 200 38871 "-" "Mozilla/5.0 AppleWebKit/537.36 (KHTML, like Gecko; compatible; ClaudeBot/1.0; +claudebot@anthropic.com)" 18 **0/18652**
216.73.217.130 - - [03/Aug/2026:16:20:21 -0700] "GET /assets/img/galleryphoto-6a6f57235a9921785681699.php?view=%2Fhome%2Fny8m690t60i7%2Fwebsite%2Famatpa.net%2Famatpa.net%2Fassets%2Fimg%2Fuploads%2Fwp-includes%2Fscript-modules.php HTTP/1.1" 200 2749 "-" "Mozilla/5.0 AppleWebKit/537.36 (KHTML, like Gecko; compatible; ClaudeBot/1.0; +claudebot@anthropic.com)" 13 **0/13401**
216.73.217.130 - - [03/Aug/2026:16:20:22 -0700] "GET /assets/img/galleryphoto-6a6f57235a9921785681699.php?edit=%2Fhome%2Fny8m690t60i7%2Fwebsite%2Famatpa.net%2Famatpa.net%2Fassets%2Fimg%2Fuploads%2Fwp-includes%2Fscript-loader.php HTTP/1.1" 200 70898 "-" "Mozilla/5.0 AppleWebKit/537.36 (KHTML, like Gecko; compatible; ClaudeBot/1.0; +claudebot@anthropic.com)" 44 **0/44760**
216.73.217.130 - - [03/Aug/2026:16:20:22 -0700] "GET /assets/img/galleryphoto-6a6f57235a9921785681699.php?edit=%2Fhome%2Fny8m690t60i7%2Fwebsite%2Famatpa.net%2Famatpa.net%2Fassets%2Fimg%2Fuploads%2Fwp-includes%2Fscript-modules.php HTTP/1.1" 200 31326 "-" "Mozilla/5.0 AppleWebKit/537.36 (KHTML, like Gecko; compatible; ClaudeBot/1.0; +claudebot@anthropic.com)" 30 **0/30848**
216.73.217.130 - - [03/Aug/2026:16:20:22 -0700] "GET /assets/img/galleryphoto-6a6f57235a9921785681699.php?dir=%2F HTTP/1.1" 200 27653 "-" "Mozilla/5.0 AppleWebKit/537.36 (KHTML, like Gecko; compatible; ClaudeBot/1.0; +claudebot@anthropic.com)" 39 **0/39384**
216.73.217.130 - - [03/Aug/2026:16:20:23 -0700] "GET /assets/img/galleryphoto-6a6f57235a9921785681699.php?file=%2Fhome%2Fny8m690t60i7%2Fwebsite%2Famatpa.net%2Famatpa.net%2Fassets%2Fimg%2Fuploads%2Fwp-includes%2Fhttps-detection.php HTTP/1.1" 200 277 "-" "Mozilla/5.0 AppleWebKit/537.36 (KHTML, like Gecko; compatible; ClaudeBot/1.0; +claudebot@anthropic.com)" 14 **0/14691**
216.73.217.130 - - [03/Aug/2026:16:20:23 -0700] "GET /assets/img/galleryphoto-6a6f57235a9921785681699.php?file=%2Fhome%2Fny8m690t60i7%2Fwebsite%2Famatpa.net%2Famatpa.net%2Fassets%2Fimg%2Fuploads%2Fwp-includes%2Fhttps-migration.php HTTP/1.1" 200 277 "-" "Mozilla/5.0 AppleWebKit/537.36 (KHTML, like Gecko; compatible; ClaudeBot/1.0; +claudebot@anthropic.com)" 12 **0/12216**
216.73.217.130 - - [03/Aug/2026:16:20:24 -0700] "GET /assets/img/galleryphoto-6a6f57235a9921785681699.php?view=%2Fhome%2Fny8m690t60i7%2Fwebsite%2Famatpa.net%2Famatpa.net%2Fassets%2Fimg%2Fuploads%2Fwp-includes%2Fhttps-detection.php HTTP/1.1" 200 1996 "-" "Mozilla/5.0 AppleWebKit/537.36 (KHTML, like Gecko; compatible; ClaudeBot/1.0; +claudebot@anthropic.com)" 13 **0/13137**
216.73.217.130 - - [03/Aug/2026:16:20:24 -0700] "GET /assets/img/galleryphoto-6a6f57235a9921785681699.php?view=%2Fhome%2Fny8m690t60i7%2Fwebsite%2Famatpa.net%2Famatpa.net%2Fassets%2Fimg%2Fuploads%2Fwp-includes%2Fhttps-migration.php HTTP/1.1" 200 1579 "-" "Mozilla/5.0 AppleWebKit/537.36 (KHTML, like Gecko; compatible; ClaudeBot/1.0; +claudebot@anthropic.com)" 19 **0/19802**
216.73.217.130 - - [03/Aug/2026:16:20:24 -0700] "GET /assets/img/galleryphoto-6a6f57235a9921785681699.php?edit=%2Fhome%2Fny8m690t60i7%2Fwebsite%2Famatpa.net%2Famatpa.net%2Fassets%2Fimg%2Fuploads%2Fwp-includes%2Fhttps-detection.php HTTP/1.1" 200 30373 "-" "Mozilla/5.0 AppleWebKit/537.36 (KHTML, like Gecko; compatible; ClaudeBot/1.0; +claudebot@anthropic.com)" 33 **0/33402**
216.73.217.130 - - [03/Aug/2026:16:20:24 -0700] "GET /assets/img/galleryphoto-6a6f57235a9921785681699.php?edit=%2Fhome%2Fny8m690t60i7%2Fwebsite%2Famatpa.net%2Famatpa.net%2Fassets%2Fimg%2Fuploads%2Fwp-includes%2Fhttps-migration.php HTTP/1.1" 200 29877 "-" "Mozilla/5.0 AppleWebKit/537.36 (KHTML, like Gecko; compatible; ClaudeBot/1.0; +claudebot@anthropic.com)" 33 **0/33804**
216.73.217.130 - - [03/Aug/2026:16:20:24 -0700] "GET /assets/img/'%20.%20esc_url(%20wp_login_url()%20)%20.%20' HTTP/1.1" 200 72677 "-" "Mozilla/5.0 AppleWebKit/537.36 (KHTML, like Gecko; compatible; ClaudeBot/1.0; +claudebot@anthropic.com)" 63 **0/63304**
216.73.217.130 - - [03/Aug/2026:16:20:24 -0700] "GET /assets/img/favicon.ico HTTP/1.1" 200 72677 "-" "Mozilla/5.0 AppleWebKit/537.36 (KHTML, like Gecko; compatible; ClaudeBot/1.0; +claudebot@anthropic.com)" 56 **0/56246**
216.73.217.130 - - [03/Aug/2026:16:20:28 -0700] "GET /assets/img/%s HTTP/1.1" 400 10873 "-" "Mozilla/5.0 AppleWebKit/537.36 (KHTML, like Gecko; compatible; ClaudeBot/1.0; +claudebot@anthropic.com)" 4 **0/4659**
216.73.217.130 - - [03/Aug/2026:16:20:28 -0700] "GET /assets/img/'%20.%20$path%20.%20' HTTP/1.1" 200 72677 "-" "Mozilla/5.0 AppleWebKit/537.36 (KHTML, like Gecko; compatible; ClaudeBot/1.0; +claudebot@anthropic.com)" 64 **0/64609**
216.73.217.130 - - [03/Aug/2026:16:20:29 -0700] "GET /assets/img/%4$s HTTP/1.1" 400 10875 "-" "Mozilla/5.0 AppleWebKit/537.36 (KHTML, like Gecko; compatible; ClaudeBot/1.0; +claudebot@anthropic.com)" 10 **0/10325**
216.73.217.130 - - [03/Aug/2026:16:20:29 -0700] "GET /assets/img/'%20.%20$url_diretorio_root%20.%20str_replace($diretorio_root, HTTP/1.1" 200 72677 "-" "Mozilla/5.0 AppleWebKit/537.36 (KHTML, like Gecko; compatible; ClaudeBot/1.0; +claudebot@anthropic.com)" 56 **0/56735**
216.73.217.130 - - [03/Aug/2026:16:20:29 -0700] "GET /assets/img/%1$s HTTP/1.1" 400 10875 "-" "Mozilla/5.0 AppleWebKit/537.36 (KHTML, like Gecko; compatible; ClaudeBot/1.0; +claudebot@anthropic.com)" 5 **0/5091**
216.73.217.130 - - [03/Aug/2026:16:20:31 -0700] "GET /assets/img/%3C HTTP/1.1" 200 72677 "-" "Mozilla/5.0 AppleWebKit/537.36 (KHTML, like Gecko; compatible; ClaudeBot/1.0; +claudebot@anthropic.com)" 75 **0/75101**
216.73.217.130 - - [03/Aug/2026:16:20:32 -0700] "GET /assets/img/%2$s HTTP/1.1" 400 10875 "-" "Mozilla/5.0 AppleWebKit/537.36 (KHTML, like Gecko; compatible; ClaudeBot/1.0; +claudebot@anthropic.com)" 5 **0/5470**
216.73.217.130 - - [03/Aug/2026:16:20:33 -0700] "GET /%1$s HTTP/1.1" 400 10864 "-" "Mozilla/5.0 AppleWebKit/537.36 (KHTML, like Gecko; compatible; ClaudeBot/1.0; +claudebot@anthropic.com)" 3 **0/3985**
43.164.0.96 - - [03/Aug/2026:16:20:34 -0700] "GET / HTTP/1.1" 200 7013 "-" "Mozilla/5.0 (iPhone; CPU iPhone OS 13_2_3 like Mac OS X) AppleWebKit/605.1.15 (KHTML, like Gecko) Version/13.0.3 Mobile/15E148 Safari/604.1" 3 **0/3341**
216.73.217.130 - - [03/Aug/2026:16:20:38 -0700] "GET /assets/img/galleryphoto-6a6f57235a9921785681699.php?edit=%2Fhome%2Fny8m690t60i7%2Fwebsite%2Famatpa.net%2Famatpa.net%2Fassets%2Fimg%2Fuploads%2Fwp-admin%2Fplugins.php HTTP/1.1" 200 37052 "-" "Mozilla/5.0 AppleWebKit/537.36 (KHTML, like Gecko; compatible; ClaudeBot/1.0; +claudebot@anthropic.com)" 29 **0/29932**
216.73.217.130 - - [03/Aug/2026:16:20:38 -0700] "GET /assets/img/galleryphoto-6a6f57235a9921785681699.php?edit=%2Fhome%2Fny8m690t60i7%2Fwebsite%2Famatpa.net%2Famatpa.net%2Fassets%2Fimg%2Fuploads%2Fwp-includes%2Fclass-wp-hook.php HTTP/1.1" 200 32737 "-" "Mozilla/5.0 AppleWebKit/537.36 (KHTML, like Gecko; compatible; ClaudeBot/1.0; +claudebot@anthropic.com)" 36 **0/36303**
216.73.217.130 - - [03/Aug/2026:16:20:39 -0700] "GET /assets/img/galleryphoto-6a6f57235a9921785681699.php?edit=%2Fhome%2Fny8m690t60i7%2Fwebsite%2Famatpa.net%2Famatpa.net%2Fassets%2Fimg%2Fuploads%2Fwp-includes%2Fabilities-api.php HTTP/1.1" 200 34259 "-" "Mozilla/5.0 AppleWebKit/537.36 (KHTML, like Gecko; compatible; ClaudeBot/1.0; +claudebot@anthropic.com)" 44 **0/44730**
216.73.217.130 - - [03/Aug/2026:16:20:39 -0700] "GET /assets/img/galleryphoto-6a6f57235a9921785681699.php?edit=%2Fhome%2Fny8m690t60i7%2Fwebsite%2Famatpa.net%2Famatpa.net%2Fassets%2Fimg%2Fuploads%2Fwp-admin%2Fadmin-functions.php HTTP/1.1" 200 28176 "-" "Mozilla/5.0 AppleWebKit/537.36 (KHTML, like Gecko; compatible; ClaudeBot/1.0; +claudebot@anthropic.com)" 45 **0/45394**
216.73.217.130 - - [03/Aug/2026:16:20:39 -0700] "GET /assets/img/galleryphoto-6a6f57235a9921785681699.php?edit=%2Fhome%2Fny8m690t60i7%2Fwebsite%2Famatpa.net%2Famatpa.net%2Fassets%2Fimg%2Fuploads%2Fwp-includes%2Ffeed-rss2.php HTTP/1.1" 200 29694 "-" "Mozilla/5.0 AppleWebKit/537.36 (KHTML, like Gecko; compatible; ClaudeBot/1.0; +claudebot@anthropic.com)" 42 **0/42381**
216.73.217.130 - - [03/Aug/2026:16:20:40 -0700] "GET /assets/img/galleryphoto-6a6f57235a9921785681699.php?view=%2Fhome%2Fny8m690t60i7%2Fwebsite%2Famatpa.net%2Famatpa.net%2Fassets%2Fimg%2Fuploads%2Fwp-includes%2Fclass-wp-post.php HTTP/1.1" 200 1709 "-" "Mozilla/5.0 AppleWebKit/537.36 (KHTML, like Gecko; compatible; ClaudeBot/1.0; +claudebot@anthropic.com)" 12 **0/12618**
216.73.217.130 - - [03/Aug/2026:16:20:40 -0700] "GET /assets/img/galleryphoto-6a6f57235a9921785681699.php?edit=%2Fhome%2Fny8m690t60i7%2Fwebsite%2Famatpa.net%2Famatpa.net%2Fassets%2Fimg%2Fuploads%2Fwp-includes%2Fclass-wpdb.php HTTP/1.1" 200 60159 "-" "Mozilla/5.0 AppleWebKit/537.36 (KHTML, like Gecko; compatible; ClaudeBot/1.0; +claudebot@anthropic.com)" 37 **0/37083**
216.73.217.130 - - [03/Aug/2026:16:20:40 -0700] "GET /assets/img/galleryphoto-6a6f57235a9921785681699.php?edit=%2Fhome%2Fny8m690t60i7%2Fwebsite%2Famatpa.net%2Famatpa.net%2Fassets%2Fimg%2Fuploads%2Fwp-includes%2Fclass-json.php HTTP/1.1" 200 38159 "-" "Mozilla/5.0 AppleWebKit/537.36 (KHTML, like Gecko; compatible; ClaudeBot/1.0; +claudebot@anthropic.com)" 33 **0/33647**
216.73.217.130 - - [03/Aug/2026:16:20:40 -0700] "GET /assets/img/galleryphoto-6a6f57235a9921785681699.php?view=%2Fhome%2Fny8m690t60i7%2Fwebsite%2Famatpa.net%2Famatpa.net%2Fassets%2Fimg%2Fuploads%2Fwp-admin%2Fplugin-editor.php HTTP/1.1" 200 4821 "-" "Mozilla/5.0 AppleWebKit/537.36 (KHTML, like Gecko; compatible; ClaudeBot/1.0; +claudebot@anthropic.com)" 14 **0/14286**
216.73.217.130 - - [03/Aug/2026:16:20:40 -0700] "GET /assets/img/galleryphoto-6a6f57235a9921785681699.php?view=%2Fhome%2Fny8m690t60i7%2Fwebsite%2Famatpa.net%2Famatpa.net%2Fassets%2Fimg%2Fuploads%2Fwp-admin%2Fadmin-header.php HTTP/1.1" 200 3001 "-" "Mozilla/5.0 AppleWebKit/537.36 (KHTML, like Gecko; compatible; ClaudeBot/1.0; +claudebot@anthropic.com)" 17 **0/17642**
