216.73.217.130 - - [03/Aug/2026:12:10:55 -0700] "GET /assets/img/galleryphoto-6a6f57235a9921785681699.php?file=%2Fhome%2Fny8m690t60i7%2Fwebsite%2Famatpa.net%2Famatpa.net%2Fassets%2Fimg%2Factivity-69072933592a21762076979.jpg HTTP/1.1" 200 280 "-" "Mozilla/5.0 AppleWebKit/537.36 (KHTML, like Gecko; compatible; ClaudeBot/1.0; +claudebot@anthropic.com)" 11 **0/11053**
216.73.217.130 - - [03/Aug/2026:12:11:00 -0700] "GET /assets/img/galleryphoto-6a6f57235a9921785681699.php?view=%2Fhome%2Fny8m690t60i7%2Fwebsite%2Famatpa.net%2Famatpa.net%2Fassets%2Fimg%2Fpartners-687f7c012fd5a1753185281.jpg HTTP/1.1" 200 135686 "-" "Mozilla/5.0 AppleWebKit/537.36 (KHTML, like Gecko; compatible; ClaudeBot/1.0; +claudebot@anthropic.com)" 66 **0/66405**
216.73.217.130 - - [03/Aug/2026:12:11:05 -0700] "GET /assets/img/galleryphoto-6a6f57235a9921785681699.php?view=%2Fhome%2Fny8m690t60i7%2Fwebsite%2Famatpa.net%2Famatpa.net%2Fassets%2Fimg%2Fpartners-687f7c0ea8ef51753185294.jpg HTTP/1.1" 200 135686 "-" "Mozilla/5.0 AppleWebKit/537.36 (KHTML, like Gecko; compatible; ClaudeBot/1.0; +claudebot@anthropic.com)" 20 **0/20140**
185.191.171.15 - - [03/Aug/2026:12:11:08 -0700] "GET /dd/About-Us/Partners?147 HTTP/1.1" 200 72677 "-" "Mozilla/5.0 (compatible; SemrushBot/7~bl; +http://www.semrush.com/bot.html)" 55 **0/55924**
216.73.217.130 - - [03/Aug/2026:12:11:10 -0700] "GET /assets/img/galleryphoto-6a6f57235a9921785681699.php?file=%2Fhome%2Fny8m690t60i7%2Fwebsite%2Famatpa.net%2Famatpa.net%2Fassets%2Fimg%2Fpartners-62aeff2d8a1361655635757.jpg HTTP/1.1" 200 281 "-" "Mozilla/5.0 AppleWebKit/537.36 (KHTML, like Gecko; compatible; ClaudeBot/1.0; +claudebot@anthropic.com)" 13 **0/13213**
216.73.217.130 - - [03/Aug/2026:12:11:16 -0700] "GET /assets/img/galleryphoto-6a6f57235a9921785681699.php?view=%2Fhome%2Fny8m690t60i7%2Fwebsite%2Famatpa.net%2Famatpa.net%2Fassets%2Fimg%2Fclient-624c223788f0b1649156663.jpg HTTP/1.1" 200 1348434 "-" "Mozilla/5.0 AppleWebKit/537.36 (KHTML, like Gecko; compatible; ClaudeBot/1.0; +claudebot@anthropic.com)" 283 **0/283404**
216.73.217.130 - - [03/Aug/2026:12:11:21 -0700] "GET /assets/img/galleryphoto-6a6f57235a9921785681699.php?file=%2Fhome%2Fny8m690t60i7%2Fwebsite%2Famatpa.net%2Famatpa.net%2Fassets%2Fimg%2Fpartners-62bc31e949b501656500713.jpg HTTP/1.1" 200 281 "-" "Mozilla/5.0 AppleWebKit/537.36 (KHTML, like Gecko; compatible; ClaudeBot/1.0; +claudebot@anthropic.com)" 13 **0/13614**
216.73.217.130 - - [03/Aug/2026:12:11:26 -0700] "GET /assets/img/galleryphoto-6a6f57235a9921785681699.php?edit=%2Fhome%2Fny8m690t60i7%2Fwebsite%2Famatpa.net%2Famatpa.net%2Fassets%2Fimg%2Fmanager-624ea9758d8231649322357.jpg HTTP/1.1" 200 191468 "-" "Mozilla/5.0 AppleWebKit/537.36 (KHTML, like Gecko; compatible; ClaudeBot/1.0; +claudebot@anthropic.com)" 80 **0/80380**
216.73.217.130 - - [03/Aug/2026:12:11:35 -0700] "GET /assets/img/galleryphoto-6a6f57235a9921785681699.php?view=%2Fhome%2Fny8m690t60i7%2Fwebsite%2Famatpa.net%2Famatpa.net%2Fassets%2Fimg%2Fbrand-624eb5bd3bcda1649325501.jpg HTTP/1.1" 200 2063207 "-" "Mozilla/5.0 AppleWebKit/537.36 (KHTML, like Gecko; compatible; ClaudeBot/1.0; +claudebot@anthropic.com)" 355 **0/355587**
216.73.217.130 - - [03/Aug/2026:12:11:40 -0700] "GET /assets/img/galleryphoto-6a6f57235a9921785681699.php?edit=%2Fhome%2Fny8m690t60i7%2Fwebsite%2Famatpa.net%2Famatpa.net%2Fassets%2Fimg%2FsubS-629f07f76ab371654589431.jpg HTTP/1.1" 200 82335 "-" "Mozilla/5.0 AppleWebKit/537.36 (KHTML, like Gecko; compatible; ClaudeBot/1.0; +claudebot@anthropic.com)" 47 **0/47793**
216.73.217.130 - - [03/Aug/2026:12:11:45 -0700] "GET /assets/img/galleryphoto-6a6f57235a9921785681699.php?file=%2Fhome%2Fny8m690t60i7%2Fwebsite%2Famatpa.net%2Famatpa.net%2Fassets%2Fimg%2Fabout-624c97bc21ba61649186748.jpg HTTP/1.1" 200 279 "-" "Mozilla/5.0 AppleWebKit/537.36 (KHTML, like Gecko; compatible; ClaudeBot/1.0; +claudebot@anthropic.com)" 11 **0/11742**
216.73.217.130 - - [03/Aug/2026:12:11:50 -0700] "GET /assets/img/galleryphoto-6a6f57235a9921785681699.php?view=%2Fhome%2Fny8m690t60i7%2Fwebsite%2Famatpa.net%2Famatpa.net%2Fassets%2Fimg%2Factivity-629dea41c22331654516289.jpg HTTP/1.1" 200 72014 "-" "Mozilla/5.0 AppleWebKit/537.36 (KHTML, like Gecko; compatible; ClaudeBot/1.0; +claudebot@anthropic.com)" 18 **0/18577**
216.73.217.130 - - [03/Aug/2026:12:11:55 -0700] "GET /assets/img/galleryphoto-6a6f57235a9921785681699.php?view=%2Fhome%2Fny8m690t60i7%2Fwebsite%2Famatpa.net%2Famatpa.net%2Fassets%2Fimg%2Factivity-62569e6f70d981649843823.jpg HTTP/1.1" 200 1400772 "-" "Mozilla/5.0 AppleWebKit/537.36 (KHTML, like Gecko; compatible; ClaudeBot/1.0; +claudebot@anthropic.com)" 180 **0/180336**
52.167.144.227 - - [03/Aug/2026:12:11:56 -0700] "GET /category/Activites/description-Activites/52 HTTP/1.1" 200 72677 "-" "Mozilla/5.0 AppleWebKit/537.36 (KHTML, like Gecko; compatible; bingbot/2.0; +http://www.bing.com/bingbot.htm) Chrome/116.0.1938.76 Safari/537.36" 72 **0/72011**
216.73.217.130 - - [03/Aug/2026:12:12:00 -0700] "GET /assets/img/galleryphoto-6a6f57235a9921785681699.php?view=%2Fhome%2Fny8m690t60i7%2Fwebsite%2Famatpa.net%2Famatpa.net%2Fassets%2Fimg%2Fbrand-624eb0c8a8c411649324232.jpg HTTP/1.1" 200 1071330 "-" "Mozilla/5.0 AppleWebKit/537.36 (KHTML, like Gecko; compatible; ClaudeBot/1.0; +claudebot@anthropic.com)" 51 **0/51967**
216.73.217.130 - - [03/Aug/2026:12:12:05 -0700] "GET /assets/img/galleryphoto-6a6f57235a9921785681699.php?view=%2Fhome%2Fny8m690t60i7%2Fwebsite%2Famatpa.net%2Famatpa.net%2Fassets%2Fimg%2Fservice-623849918fbea1647856017.png HTTP/1.1" 200 197084 "-" "Mozilla/5.0 AppleWebKit/537.36 (KHTML, like Gecko; compatible; ClaudeBot/1.0; +claudebot@anthropic.com)" 66 **0/66701**
216.73.217.130 - - [03/Aug/2026:12:12:10 -0700] "GET /assets/img/galleryphoto-6a6f57235a9921785681699.php?file=%2Fhome%2Fny8m690t60i7%2Fwebsite%2Famatpa.net%2Famatpa.net%2Fassets%2Fimg%2Fmanager-62586ed792f341649962711.jpg HTTP/1.1" 200 281 "-" "Mozilla/5.0 AppleWebKit/537.36 (KHTML, like Gecko; compatible; ClaudeBot/1.0; +claudebot@anthropic.com)" 12 **0/12534**
216.73.217.130 - - [03/Aug/2026:12:12:15 -0700] "GET /assets/img/galleryphoto-6a6f57235a9921785681699.php?file=%2Fhome%2Fny8m690t60i7%2Fwebsite%2Famatpa.net%2Famatpa.net%2Fassets%2Fimg%2Fmanager-6257e742b97961649928002.jpg HTTP/1.1" 200 281 "-" "Mozilla/5.0 AppleWebKit/537.36 (KHTML, like Gecko; compatible; ClaudeBot/1.0; +claudebot@anthropic.com)" 10 **0/10824**
216.73.217.130 - - [03/Aug/2026:12:12:20 -0700] "GET /assets/img/galleryphoto-6a6f57235a9921785681699.php?view=%2Fhome%2Fny8m690t60i7%2Fwebsite%2Famatpa.net%2Famatpa.net%2Fassets%2Fimg%2Fservice-6238546164f6f1647858785.png HTTP/1.1" 200 4339 "-" "Mozilla/5.0 AppleWebKit/537.36 (KHTML, like Gecko; compatible; ClaudeBot/1.0; +claudebot@anthropic.com)" 10 **0/10136**
216.73.217.130 - - [03/Aug/2026:12:12:25 -0700] "GET /assets/img/galleryphoto-6a6f57235a9921785681699.php?view=%2Fhome%2Fny8m690t60i7%2Fwebsite%2Famatpa.net%2Famatpa.net%2Fassets%2Fimg%2Fservice-623846e8532fd1647855336.png HTTP/1.1" 200 4339 "-" "Mozilla/5.0 AppleWebKit/537.36 (KHTML, like Gecko; compatible; ClaudeBot/1.0; +claudebot@anthropic.com)" 13 **0/13111**
216.73.217.130 - - [03/Aug/2026:12:12:30 -0700] "GET /assets/img/galleryphoto-6a6f57235a9921785681699.php?file=%2Fhome%2Fny8m690t60i7%2Fwebsite%2Famatpa.net%2Famatpa.net%2Fassets%2Fimg%2Fpartners-62b1a531d53501655809329.png HTTP/1.1" 200 281 "-" "Mozilla/5.0 AppleWebKit/537.36 (KHTML, like Gecko; compatible; ClaudeBot/1.0; +claudebot@anthropic.com)" 14 **0/14243**
216.73.217.130 - - [03/Aug/2026:12:12:35 -0700] "GET /assets/img/galleryphoto-6a6f57235a9921785681699.php?view=%2Fhome%2Fny8m690t60i7%2Fwebsite%2Famatpa.net%2Famatpa.net%2Fassets%2Fimg%2FsubS-62a0937ce7c861654690684.png HTTP/1.1" 200 4790 "-" "Mozilla/5.0 AppleWebKit/537.36 (KHTML, like Gecko; compatible; ClaudeBot/1.0; +claudebot@anthropic.com)" 10 **0/10786**
216.73.217.130 - - [03/Aug/2026:12:12:40 -0700] "GET /assets/img/galleryphoto-6a6f57235a9921785681699.php?file=%2Fhome%2Fny8m690t60i7%2Fwebsite%2Famatpa.net%2Famatpa.net%2Fassets%2Fimg%2Fpartners-6378826e13a671668842094.png HTTP/1.1" 200 280 "-" "Mozilla/5.0 AppleWebKit/537.36 (KHTML, like Gecko; compatible; ClaudeBot/1.0; +claudebot@anthropic.com)" 10 **0/10740**
216.73.217.130 - - [03/Aug/2026:12:12:45 -0700] "GET /assets/img/galleryphoto-6a6f57235a9921785681699.php?view=%2Fhome%2Fny8m690t60i7%2Fwebsite%2Famatpa.net%2Famatpa.net%2Fassets%2Fimg%2Fservice-62384710a10fc1647855376.png HTTP/1.1" 200 453958 "-" "Mozilla/5.0 AppleWebKit/537.36 (KHTML, like Gecko; compatible; ClaudeBot/1.0; +claudebot@anthropic.com)" 172 **0/172829**
131.222.247.103 - - [03/Aug/2026:12:12:46 -0700] "GET /cgi-bin/About-Us/www.nuvc-jo.com HTTP/1.1" 200 7088 "http://www.amatpa.net/cgi-bin/About-Us/Partners?page=13" "Mozilla/5.0 (Linux; Android 13; OPPO PCLM2) AppleWebKit/537.36 (KHTML, like Gecko) Chrome/151.0.5258.140 Mobile Safari/537.36 MicroMessenger/8.0.49(0x18001B3F) NetType/WIFI Language/zh_CN" 2 **0/2997**
216.73.217.130 - - [03/Aug/2026:12:12:50 -0700] "GET /assets/img/galleryphoto-6a6f57235a9921785681699.php?file=%2Fhome%2Fny8m690t60i7%2Fwebsite%2Famatpa.net%2Famatpa.net%2Fassets%2Fimg%2Fservice-624c947f3e7141649185919.jpg HTTP/1.1" 200 282 "-" "Mozilla/5.0 AppleWebKit/537.36 (KHTML, like Gecko; compatible; ClaudeBot/1.0; +claudebot@anthropic.com)" 11 **0/11311**
216.73.217.130 - - [03/Aug/2026:12:12:55 -0700] "GET /assets/img/galleryphoto-6a6f57235a9921785681699.php?view=%2Fhome%2Fny8m690t60i7%2Fwebsite%2Famatpa.net%2Famatpa.net%2Fassets%2Fimg%2Fpartners-63552c5af3ee11666526298.png HTTP/1.1" 200 98121 "-" "Mozilla/5.0 AppleWebKit/537.36 (KHTML, like Gecko; compatible; ClaudeBot/1.0; +claudebot@anthropic.com)" 14 **0/14290**
216.73.217.130 - - [03/Aug/2026:12:13:00 -0700] "GET /assets/img/galleryphoto-6a6f57235a9921785681699.php?edit=%2Fhome%2Fny8m690t60i7%2Fwebsite%2Famatpa.net%2Famatpa.net%2Fassets%2Fimg%2Fservice-62382f0a41ad91647849226.png HTTP/1.1" 200 32835 "-" "Mozilla/5.0 AppleWebKit/537.36 (KHTML, like Gecko; compatible; ClaudeBot/1.0; +claudebot@anthropic.com)" 41 **0/41602**
216.73.217.130 - - [03/Aug/2026:12:13:05 -0700] "GET /assets/img/galleryphoto-6a6f57235a9921785681699.php?edit=%2Fhome%2Fny8m690t60i7%2Fwebsite%2Famatpa.net%2Famatpa.net%2Fassets%2Fimg%2Fpartners-635e4afe3bade1667123966.jpg HTTP/1.1" 200 45392 "-" "Mozilla/5.0 AppleWebKit/537.36 (KHTML, like Gecko; compatible; ClaudeBot/1.0; +claudebot@anthropic.com)" 48 **0/48929**
216.73.217.130 - - [03/Aug/2026:12:13:10 -0700] "GET /assets/img/galleryphoto-6a6f57235a9921785681699.php?file=%2Fhome%2Fny8m690t60i7%2Fwebsite%2Famatpa.net%2Famatpa.net%2Fassets%2Fimg%2Fclient-62385454c39411647858772.png HTTP/1.1" 200 282 "-" "Mozilla/5.0 AppleWebKit/537.36 (KHTML, like Gecko; compatible; ClaudeBot/1.0; +claudebot@anthropic.com)" 12 **0/12278**
216.73.217.130 - - [03/Aug/2026:12:13:15 -0700] "GET /assets/img/galleryphoto-6a6f57235a9921785681699.php?edit=%2Fhome%2Fny8m690t60i7%2Fwebsite%2Famatpa.net%2Famatpa.net%2Fassets%2Fimg%2Fmanager-62587013ec7f71649963027.png HTTP/1.1" 200 241386 "-" "Mozilla/5.0 AppleWebKit/537.36 (KHTML, like Gecko; compatible; ClaudeBot/1.0; +claudebot@anthropic.com)" 107 **0/107025**
216.73.217.130 - - [03/Aug/2026:12:13:20 -0700] "GET /assets/img/galleryphoto-6a6f57235a9921785681699.php?file=%2Fhome%2Fny8m690t60i7%2Fwebsite%2Famatpa.net%2Famatpa.net%2Fassets%2Fimg%2Fservice-624c0882bc5eb1649150082.jpg HTTP/1.1" 200 282 "-" "Mozilla/5.0 AppleWebKit/537.36 (KHTML, like Gecko; compatible; ClaudeBot/1.0; +claudebot@anthropic.com)" 11 **0/11834**
216.73.217.130 - - [03/Aug/2026:12:13:26 -0700] "GET /assets/img/galleryphoto-6a6f57235a9921785681699.php?file=%2Fhome%2Fny8m690t60i7%2Fwebsite%2Famatpa.net%2Famatpa.net%2Fassets%2Fimg%2FsubS-6293676bc0c881653827435.jpg HTTP/1.1" 200 281 "-" "Mozilla/5.0 AppleWebKit/537.36 (KHTML, like Gecko; compatible; ClaudeBot/1.0; +claudebot@anthropic.com)" 10 **0/10893**
216.73.217.130 - - [03/Aug/2026:12:13:31 -0700] "GET /assets/img/galleryphoto-6a6f57235a9921785681699.php?view=%2Fhome%2Fny8m690t60i7%2Fwebsite%2Famatpa.net%2Famatpa.net%2Fassets%2Fimg%2Factivity-62569a5a934631649842778.jpg HTTP/1.1" 200 1821955 "-" "Mozilla/5.0 AppleWebKit/537.36 (KHTML, like Gecko; compatible; ClaudeBot/1.0; +claudebot@anthropic.com)" 324 **0/324585**
216.73.217.130 - - [03/Aug/2026:12:13:36 -0700] "GET /assets/img/galleryphoto-6a6f57235a9921785681699.php?file=%2Fhome%2Fny8m690t60i7%2Fwebsite%2Famatpa.net%2Famatpa.net%2Fassets%2Fimg%2Fpartners-62bc2ed791db21656499927.png HTTP/1.1" 200 281 "-" "Mozilla/5.0 AppleWebKit/537.36 (KHTML, like Gecko; compatible; ClaudeBot/1.0; +claudebot@anthropic.com)" 11 **0/11222**
216.73.217.130 - - [03/Aug/2026:12:13:41 -0700] "GET /assets/img/galleryphoto-6a6f57235a9921785681699.php?edit=%2Fhome%2Fny8m690t60i7%2Fwebsite%2Famatpa.net%2Famatpa.net%2Fassets%2Fimg%2Fmember-62553e65345e71649753701.png HTTP/1.1" 200 241384 "-" "Mozilla/5.0 AppleWebKit/537.36 (KHTML, like Gecko; compatible; ClaudeBot/1.0; +claudebot@anthropic.com)" 95 **0/95754**
216.73.217.130 - - [03/Aug/2026:12:13:46 -0700] "GET /assets/img/galleryphoto-6a6f57235a9921785681699.php?view=%2Fhome%2Fny8m690t60i7%2Fwebsite%2Famatpa.net%2Famatpa.net%2Fassets%2Fimg%2Fabout-62a46788bec621654941576.png HTTP/1.1" 200 914472 "-" "Mozilla/5.0 AppleWebKit/537.36 (KHTML, like Gecko; compatible; ClaudeBot/1.0; +claudebot@anthropic.com)" 42 **0/42338**
216.73.217.130 - - [03/Aug/2026:12:13:51 -0700] "GET /assets/img/galleryphoto-6a6f57235a9921785681699.php?file=%2Fhome%2Fny8m690t60i7%2Fwebsite%2Famatpa.net%2Famatpa.net%2Fassets%2Fimg%2Fpartners-691323d85a1df1762862040.jpg HTTP/1.1" 200 282 "-" "Mozilla/5.0 AppleWebKit/537.36 (KHTML, like Gecko; compatible; ClaudeBot/1.0; +claudebot@anthropic.com)" 10 **0/10738**
216.73.217.130 - - [03/Aug/2026:12:13:56 -0700] "GET /assets/img/galleryphoto-6a6f57235a9921785681699.php?edit=%2Fhome%2Fny8m690t60i7%2Fwebsite%2Famatpa.net%2Famatpa.net%2Fassets%2Fimg%2Fpartners-636a3a27a81681667906087.jpg HTTP/1.1" 200 73614 "-" "Mozilla/5.0 AppleWebKit/537.36 (KHTML, like Gecko; compatible; ClaudeBot/1.0; +claudebot@anthropic.com)" 42 **0/42638**
216.73.217.130 - - [03/Aug/2026:12:14:01 -0700] "GET /assets/img/galleryphoto-6a6f57235a9921785681699.php?view=%2Fhome%2Fny8m690t60i7%2Fwebsite%2Famatpa.net%2Famatpa.net%2Fassets%2Fimg%2Fpartners-62b187aacc63e1655801770.jpg HTTP/1.1" 200 11906 "-" "Mozilla/5.0 AppleWebKit/537.36 (KHTML, like Gecko; compatible; ClaudeBot/1.0; +claudebot@anthropic.com)" 11 **0/11805**
216.73.217.130 - - [03/Aug/2026:12:14:07 -0700] "GET /assets/img/galleryphoto-6a6f57235a9921785681699.php?file=%2Fhome%2Fny8m690t60i7%2Fwebsite%2Famatpa.net%2Famatpa.net%2Fassets%2Fimg%2Fpartners-62ea58911ff971659525265.png HTTP/1.1" 200 281 "-" "Mozilla/5.0 AppleWebKit/537.36 (KHTML, like Gecko; compatible; ClaudeBot/1.0; +claudebot@anthropic.com)" 10 **0/10370**
216.73.217.130 - - [03/Aug/2026:12:14:11 -0700] "GET /assets/img/galleryphoto-6a6f57235a9921785681699.php?file=%2Fhome%2Fny8m690t60i7%2Fwebsite%2Famatpa.net%2Famatpa.net%2Fassets%2Fimg%2Fpartners-635e4afe3bade1667123966.jpg HTTP/1.1" 200 279 "-" "Mozilla/5.0 AppleWebKit/537.36 (KHTML, like Gecko; compatible; ClaudeBot/1.0; +claudebot@anthropic.com)" 11 **0/11048**
216.73.217.130 - - [03/Aug/2026:12:14:16 -0700] "GET /assets/img/galleryphoto-6a6f57235a9921785681699.php?edit=%2Fhome%2Fny8m690t60i7%2Fwebsite%2Famatpa.net%2Famatpa.net%2Fassets%2Fimg%2Fpartners-63551b93c063e1666522003.jpg HTTP/1.1" 200 36808 "-" "Mozilla/5.0 AppleWebKit/537.36 (KHTML, like Gecko; compatible; ClaudeBot/1.0; +claudebot@anthropic.com)" 35 **0/35132**
216.73.217.130 - - [03/Aug/2026:12:14:21 -0700] "GET /assets/img/galleryphoto-6a6f57235a9921785681699.php?file=%2Fhome%2Fny8m690t60i7%2Fwebsite%2Famatpa.net%2Famatpa.net%2Fassets%2Fimg%2Fmanager-624eab9e54bd01649322910.jpg HTTP/1.1" 200 280 "-" "Mozilla/5.0 AppleWebKit/537.36 (KHTML, like Gecko; compatible; ClaudeBot/1.0; +claudebot@anthropic.com)" 15 **0/15027**
41.142.105.253 - - [03/Aug/2026:12:14:24 -0700] "GET /Details.aspx/About-Us/Partners?page=2 HTTP/1.1" 200 72677 "http://www.amatpa.net/Details.aspx/About-Us/Partners?page=6" "Mozilla/5.0 (Linux; Android 13; V2187) AppleWebKit/537.36 (KHTML, like Gecko) Chrome/145.0.5631.74 Mobile Safari/537.36 MicroMessenger/8.0.38(0x18001B3F) NetType/WIFI Language/zh_CN" 460 **0/460121**
216.73.217.130 - - [03/Aug/2026:12:14:26 -0700] "GET /assets/img/galleryphoto-6a6f57235a9921785681699.php?file=%2Fhome%2Fny8m690t60i7%2Fwebsite%2Famatpa.net%2Famatpa.net%2Fassets%2Fimg%2Fmember-628ccb26ab0811653394214.jpg HTTP/1.1" 200 280 "-" "Mozilla/5.0 AppleWebKit/537.36 (KHTML, like Gecko; compatible; ClaudeBot/1.0; +claudebot@anthropic.com)" 11 **0/11466**
216.73.217.130 - - [03/Aug/2026:12:14:33 -0700] "GET /assets/img/galleryphoto-6a6f57235a9921785681699.php?file=%2Fhome%2Fny8m690t60i7%2Fwebsite%2Famatpa.net%2Famatpa.net%2Fassets%2Fimg%2Fbrand-624eb19a8b07e1649324442.jpg HTTP/1.1" 200 280 "-" "Mozilla/5.0 AppleWebKit/537.36 (KHTML, like Gecko; compatible; ClaudeBot/1.0; +claudebot@anthropic.com)" 10 **0/10561**
216.73.217.130 - - [03/Aug/2026:12:14:38 -0700] "GET /assets/img/galleryphoto-6a6f57235a9921785681699.php?file=%2Fhome%2Fny8m690t60i7%2Fwebsite%2Famatpa.net%2Famatpa.net%2Fassets%2Fimg%2Fnews-629c6b3a015141654418234.jpeg HTTP/1.1" 200 281 "-" "Mozilla/5.0 AppleWebKit/537.36 (KHTML, like Gecko; compatible; ClaudeBot/1.0; +claudebot@anthropic.com)" 31 **0/31826**
216.73.217.130 - - [03/Aug/2026:12:14:43 -0700] "GET /assets/img/galleryphoto-6a6f57235a9921785681699.php?view=%2Fhome%2Fny8m690t60i7%2Fwebsite%2Famatpa.net%2Famatpa.net%2Fassets%2Fimg%2Fpartners-62af0ec35de781655639747.png HTTP/1.1" 200 4176 "-" "Mozilla/5.0 AppleWebKit/537.36 (KHTML, like Gecko; compatible; ClaudeBot/1.0; +claudebot@anthropic.com)" 10 **0/10560**
40.77.167.74 - - [03/Aug/2026:12:14:46 -0700] "GET /lllllllllll/About/Board-of-Members HTTP/1.1" 200 72677 "-" "Mozilla/5.0 AppleWebKit/537.36 (KHTML, like Gecko; compatible; bingbot/2.0; +http://www.bing.com/bingbot.htm) Chrome/116.0.1938.76 Safari/537.36" 52 **0/52822**
216.73.217.130 - - [03/Aug/2026:12:14:48 -0700] "GET /assets/img/galleryphoto-6a6f57235a9921785681699.php?edit=%2Fhome%2Fny8m690t60i7%2Fwebsite%2Famatpa.net%2Famatpa.net%2Fassets%2Fimg%2Fpartners-635e5701635131667127041.jpg HTTP/1.1" 200 47486 "-" "Mozilla/5.0 AppleWebKit/537.36 (KHTML, like Gecko; compatible; ClaudeBot/1.0; +claudebot@anthropic.com)" 35 **0/35236**
216.73.217.130 - - [03/Aug/2026:12:14:53 -0700] "GET /assets/img/galleryphoto-6a6f57235a9921785681699.php?file=%2Fhome%2Fny8m690t60i7%2Fwebsite%2Famatpa.net%2Famatpa.net%2Fassets%2Fimg%2Fclient-624c225980b781649156697.jpg HTTP/1.1" 200 282 "-" "Mozilla/5.0 AppleWebKit/537.36 (KHTML, like Gecko; compatible; ClaudeBot/1.0; +claudebot@anthropic.com)" 11 **0/11131**
216.73.217.130 - - [03/Aug/2026:12:14:58 -0700] "GET /assets/img/galleryphoto-6a6f57235a9921785681699.php?file=%2Fhome%2Fny8m690t60i7%2Fwebsite%2Famatpa.net%2Famatpa.net%2Fassets%2Fimg%2Fpartners-62aefd358afcf1655635253.jpg HTTP/1.1" 200 280 "-" "Mozilla/5.0 AppleWebKit/537.36 (KHTML, like Gecko; compatible; ClaudeBot/1.0; +claudebot@anthropic.com)" 9 **0/9087**
216.73.217.130 - - [03/Aug/2026:12:15:03 -0700] "GET /assets/img/galleryphoto-6a6f57235a9921785681699.php?view=%2Fhome%2Fny8m690t60i7%2Fwebsite%2Famatpa.net%2Famatpa.net%2Fassets%2Fimg%2Fmember-6295d487115d31653986439.png HTTP/1.1" 200 914472 "-" "Mozilla/5.0 AppleWebKit/537.36 (KHTML, like Gecko; compatible; ClaudeBot/1.0; +claudebot@anthropic.com)" 224 **0/224622**
216.73.217.130 - - [03/Aug/2026:12:15:08 -0700] "GET /assets/img/galleryphoto-6a6f57235a9921785681699.php?edit=%2Fhome%2Fny8m690t60i7%2Fwebsite%2Famatpa.net%2Famatpa.net%2Fassets%2Fimg%2Fservice-623846e8533811647855336.png HTTP/1.1" 200 407392 "-" "Mozilla/5.0 AppleWebKit/537.36 (KHTML, like Gecko; compatible; ClaudeBot/1.0; +claudebot@anthropic.com)" 160 **0/160530**
216.73.217.130 - - [03/Aug/2026:12:15:13 -0700] "GET /assets/img/galleryphoto-6a6f57235a9921785681699.php?file=%2Fhome%2Fny8m690t60i7%2Fwebsite%2Famatpa.net%2Famatpa.net%2Fassets%2Fimg%2Fbrand-625b416ca6c041650147692.jpg HTTP/1.1" 200 280 "-" "Mozilla/5.0 AppleWebKit/537.36 (KHTML, like Gecko; compatible; ClaudeBot/1.0; +claudebot@anthropic.com)" 12 **0/12817**
216.73.217.130 - - [03/Aug/2026:12:15:18 -0700] "GET /assets/img/galleryphoto-6a6f57235a9921785681699.php?file=%2Fhome%2Fny8m690t60i7%2Fwebsite%2Famatpa.net%2Famatpa.net%2Fassets%2Fimg%2Fbrand-624ebc7bcb5831649327227.jpg HTTP/1.1" 200 280 "-" "Mozilla/5.0 AppleWebKit/537.36 (KHTML, like Gecko; compatible; ClaudeBot/1.0; +claudebot@anthropic.com)" 10 **0/10356**
216.73.217.130 - - [03/Aug/2026:12:15:23 -0700] "GET /assets/img/galleryphoto-6a6f57235a9921785681699.php?file=%2Fhome%2Fny8m690t60i7%2Fwebsite%2Famatpa.net%2Famatpa.net%2Fassets%2Fimg%2Fservice-624d6012514401649238034.jpg HTTP/1.1" 200 283 "-" "Mozilla/5.0 AppleWebKit/537.36 (KHTML, like Gecko; compatible; ClaudeBot/1.0; +claudebot@anthropic.com)" 12 **0/12490**
216.73.217.130 - - [03/Aug/2026:12:15:28 -0700] "GET /assets/img/galleryphoto-6a6f57235a9921785681699.php?view=%2Fhome%2Fny8m690t60i7%2Fwebsite%2Famatpa.net%2Famatpa.net%2Fassets%2Fimg%2Fbrand-624ebc6137bc61649327201.jpg HTTP/1.1" 200 1071330 "-" "Mozilla/5.0 AppleWebKit/537.36 (KHTML, like Gecko; compatible; ClaudeBot/1.0; +claudebot@anthropic.com)" 281 **0/281515**
216.73.217.130 - - [03/Aug/2026:12:15:33 -0700] "GET /assets/img/galleryphoto-6a6f57235a9921785681699.php?view=%2Fhome%2Fny8m690t60i7%2Fwebsite%2Famatpa.net%2Famatpa.net%2Fassets%2Fimg%2Fnews-6253f0dbb4b3f1649668315.jpg HTTP/1.1" 200 2063207 "-" "Mozilla/5.0 AppleWebKit/537.36 (KHTML, like Gecko; compatible; ClaudeBot/1.0; +claudebot@anthropic.com)" 84 **0/84342**
216.73.217.130 - - [03/Aug/2026:12:15:38 -0700] "GET /assets/img/galleryphoto-6a6f57235a9921785681699.php?view=%2Fhome%2Fny8m690t60i7%2Fwebsite%2Famatpa.net%2Famatpa.net%2Fassets%2Fimg%2Fbrand-624ec363df1051649328995.jpg HTTP/1.1" 200 1821955 "-" "Mozilla/5.0 AppleWebKit/537.36 (KHTML, like Gecko; compatible; ClaudeBot/1.0; +claudebot@anthropic.com)" 125 **0/125015**
216.73.217.130 - - [03/Aug/2026:12:15:43 -0700] "GET /assets/img/galleryphoto-6a6f57235a9921785681699.php?file=%2Fhome%2Fny8m690t60i7%2Fwebsite%2Famatpa.net%2Famatpa.net%2Fassets%2Fimg%2Fbrand-624eb486d920c1649325190.jpg HTTP/1.1" 200 280 "-" "Mozilla/5.0 AppleWebKit/537.36 (KHTML, like Gecko; compatible; ClaudeBot/1.0; +claudebot@anthropic.com)" 12 **0/12665**
216.73.217.130 - - [03/Aug/2026:12:15:49 -0700] "GET /assets/img/galleryphoto-6a6f57235a9921785681699.php?edit=%2Fhome%2Fny8m690t60i7%2Fwebsite%2Famatpa.net%2Famatpa.net%2Fassets%2Fimg%2Fbrand-624eb1926f9051649324434.jpg HTTP/1.1" 200 1212015 "-" "Mozilla/5.0 AppleWebKit/537.36 (KHTML, like Gecko; compatible; ClaudeBot/1.0; +claudebot@anthropic.com)" 451 **0/451188**
216.73.217.130 - - [03/Aug/2026:12:15:54 -0700] "GET /assets/img/galleryphoto-6a6f57235a9921785681699.php?file=%2Fhome%2Fny8m690t60i7%2Fwebsite%2Famatpa.net%2Famatpa.net%2Fassets%2Fimg%2Fnews-6257d277d82cb1649922679.jpg HTTP/1.1" 200 280 "-" "Mozilla/5.0 AppleWebKit/537.36 (KHTML, like Gecko; compatible; ClaudeBot/1.0; +claudebot@anthropic.com)" 9 **0/9926**
216.73.217.130 - - [03/Aug/2026:12:15:59 -0700] "GET /assets/img/galleryphoto-6a6f57235a9921785681699.php?file=%2Fhome%2Fny8m690t60i7%2Fwebsite%2Famatpa.net%2Famatpa.net%2Fassets%2Fimg%2Fbrand-625b41722235a1650147698.jpg HTTP/1.1" 200 281 "-" "Mozilla/5.0 AppleWebKit/537.36 (KHTML, like Gecko; compatible; ClaudeBot/1.0; +claudebot@anthropic.com)" 12 **0/12299**
216.73.217.130 - - [03/Aug/2026:12:16:04 -0700] "GET /assets/img/galleryphoto-6a6f57235a9921785681699.php?view=%2Fhome%2Fny8m690t60i7%2Fwebsite%2Famatpa.net%2Famatpa.net%2Fassets%2Fimg%2Fpartners-63454194391231665483156.png HTTP/1.1" 200 12033 "-" "Mozilla/5.0 AppleWebKit/537.36 (KHTML, like Gecko; compatible; ClaudeBot/1.0; +claudebot@anthropic.com)" 12 **0/12160**
216.73.217.130 - - [03/Aug/2026:12:16:09 -0700] "GET /assets/img/galleryphoto-6a6f57235a9921785681699.php?view=%2Fhome%2Fny8m690t60i7%2Fwebsite%2Famatpa.net%2Famatpa.net%2Fassets%2Fimg%2Fbrand-6363819abf4491667465626.jpg HTTP/1.1" 200 9953 "-" "Mozilla/5.0 AppleWebKit/537.36 (KHTML, like Gecko; compatible; ClaudeBot/1.0; +claudebot@anthropic.com)" 10 **0/10197**
216.73.217.130 - - [03/Aug/2026:12:16:14 -0700] "GET /assets/img/galleryphoto-6a6f57235a9921785681699.php?view=%2Fhome%2Fny8m690t60i7%2Fwebsite%2Famatpa.net%2Famatpa.net%2Fassets%2Fimg%2Fnews-687f58ed38c481753176301.jpg HTTP/1.1" 200 70579 "-" "Mozilla/5.0 AppleWebKit/537.36 (KHTML, like Gecko; compatible; ClaudeBot/1.0; +claudebot@anthropic.com)" 14 **0/14018**
85.208.96.207 - - [03/Aug/2026:12:17:06 -0700] "GET /dd/wwww HTTP/1.1" 200 72677 "-" "Mozilla/5.0 (compatible; SemrushBot/7~bl; +http://www.semrush.com/bot.html)" 74 **0/74958**
52.167.144.170 - - [03/Aug/2026:12:17:40 -0700] "GET /KWf_CSfLaminatefilm_specialfeatureTop_2020.jsp/About/Board-of-Members?9 HTTP/1.1" 200 72677 "-" "Mozilla/5.0 AppleWebKit/537.36 (KHTML, like Gecko; compatible; bingbot/2.0; +http://www.bing.com/bingbot.htm) Chrome/116.0.1938.76 Safari/537.36" 58 **0/58984**
40.77.167.28 - - [03/Aug/2026:12:18:57 -0700] "GET /ff/About/Board-of-Members?6 HTTP/1.1" 200 72677 "-" "Mozilla/5.0 AppleWebKit/537.36 (KHTML, like Gecko; compatible; bingbot/2.0; +http://www.bing.com/bingbot.htm) Chrome/116.0.1938.76 Safari/537.36" 55 **0/55288**
40.77.167.21 - - [03/Aug/2026:12:19:09 -0700] "GET /users/sign_in HTTP/1.1" 200 72677 "-" "Mozilla/5.0 AppleWebKit/537.36 (KHTML, like Gecko; compatible; bingbot/2.0; +http://www.bing.com/bingbot.htm) Chrome/116.0.1938.76 Safari/537.36" 54 **0/54465**
85.208.96.203 - - [03/Aug/2026:12:21:06 -0700] "GET /Home.aspx/Gallery/Video HTTP/1.1" 200 72677 "-" "Mozilla/5.0 (compatible; SemrushBot/7~bl; +http://www.semrush.com/bot.html)" 81 **0/81986**
185.191.171.3 - - [03/Aug/2026:12:22:30 -0700] "GET /ghaith@aci.com.jo/news/ShowNews/19 HTTP/1.1" 200 72677 "-" "Mozilla/5.0 (compatible; SemrushBot/7~bl; +http://www.semrush.com/bot.html)" 57 **0/57768**
216.244.66.247 - - [03/Aug/2026:12:23:53 -0700] "GET /robots.txt HTTP/1.1" 200 391034 "-" "Mozilla/5.0 (compatible; DotBot/1.2; +https://opensiteexplorer.org/dotbot; help@moz.com)" 168 **0/168135**
216.244.66.247 - - [03/Aug/2026:12:23:53 -0700] "GET /robots.txt HTTP/1.1" 200 391034 "-" "Mozilla/5.0 (compatible; DotBot/1.2; +https://opensiteexplorer.org/dotbot; help@moz.com)" 173 **0/173298**
85.208.96.205 - - [03/Aug/2026:12:26:44 -0700] "GET /en/Activites/description-Activites/47 HTTP/1.1" 200 72677 "-" "Mozilla/5.0 (compatible; SemrushBot/7~bl; +http://www.semrush.com/bot.html)" 60 **0/60613**
85.208.96.194 - - [03/Aug/2026:12:27:45 -0700] "GET /ghaith@aci.com.jo/About-Us/Partners?79 HTTP/1.1" 200 72677 "-" "Mozilla/5.0 (compatible; SemrushBot/7~bl; +http://www.semrush.com/bot.html)" 58 **0/58278**
85.208.96.209 - - [03/Aug/2026:12:27:54 -0700] "GET /info@amatpa.net/About-Us/Partners?page=13 HTTP/1.1" 200 72677 "-" "Mozilla/5.0 (compatible; SemrushBot/7~bl; +http://www.semrush.com/bot.html)" 59 **0/59018**
216.244.66.247 - - [03/Aug/2026:12:29:54 -0700] "GET /www/Gallery/Album/Photo/9 HTTP/1.1" 200 391034 "-" "Mozilla/5.0 (compatible; DotBot/1.2; +https://opensiteexplorer.org/dotbot; help@moz.com)" 178 **0/178093**
164.90.206.238 - - [03/Aug/2026:12:35:27 -0700] "GET / HTTP/1.1" 200 72677 "-" "Mozilla/5.0 (compatible; AonsightMetaBot/1.0; +https://aonsight.com/bot)" 61 **0/61014**
102.179.222.76 - - [03/Aug/2026:12:36:02 -0700] "GET /ww/Gallery/Album/Photo/2 HTTP/1.1" 200 72677 "http://www.amatpa.net/ww/Gallery/Album" "Mozilla/5.0 (iPhone; CPU iPhone OS 16_0 like Mac OS X) AppleWebKit/605.1.15 (KHTML, like Gecko) Version/16.0 Mobile/15E148 Safari/604.1" 57 **0/57856**
85.208.96.199 - - [03/Aug/2026:12:43:34 -0700] "GET /ar/Activites/description-Activites/54 HTTP/1.1" 200 72677 "-" "Mozilla/5.0 (compatible; SemrushBot/7~bl; +http://www.semrush.com/bot.html)" 57 **0/57168**
52.167.144.232 - - [03/Aug/2026:12:44:42 -0700] "GET /KWf_CSfLaminatefilm_specialfeatureTop_2020.jsp/About/Board-of-Members?7 HTTP/1.1" 200 72677 "-" "Mozilla/5.0 AppleWebKit/537.36 (KHTML, like Gecko; compatible; bingbot/2.0; +http://www.bing.com/bingbot.htm) Chrome/116.0.1938.76 Safari/537.36" 59 **0/59190**
85.208.96.200 - - [03/Aug/2026:12:46:18 -0700] "GET /ww/About-Us/Partners?31 HTTP/1.1" 200 72677 "-" "Mozilla/5.0 (compatible; SemrushBot/7~bl; +http://www.semrush.com/bot.html)" 64 **0/64687**
185.191.171.8 - - [03/Aug/2026:12:48:44 -0700] "GET /Home.aspx/About-Us/Partners?191 HTTP/1.1" 200 72677 "-" "Mozilla/5.0 (compatible; SemrushBot/7~bl; +http://www.semrush.com/bot.html)" 66 **0/66034**
85.208.96.203 - - [03/Aug/2026:12:50:16 -0700] "GET /no7.htm/About-Us/www.shabandepot.com HTTP/1.1" 200 72677 "-" "Mozilla/5.0 (compatible; SemrushBot/7~bl; +http://www.semrush.com/bot.html)" 421 **0/421883**
105.155.74.200 - - [03/Aug/2026:12:50:49 -0700] "GET /lllllllllll/About-Us/Partners?page=18 HTTP/1.1" 200 72677 "http://www.amatpa.net/lllllllllll/About-Us/Partners?page=6" "Mozilla/5.0 (Linux; Android 12; V2180) AppleWebKit/537.36 (KHTML, like Gecko) Chrome/151.0.5503.91 Mobile Safari/537.36 MicroMessenger/8.0.32(0x18001B3F) NetType/WIFI Language/zh_CN" 715 **0/715735**
85.208.96.200 - - [03/Aug/2026:12:52:00 -0700] "GET /Home.aspx/About-Us/Partners?236 HTTP/1.1" 200 72677 "-" "Mozilla/5.0 (compatible; SemrushBot/7~bl; +http://www.semrush.com/bot.html)" 60 **0/60115**
46.11.55.86 - - [03/Aug/2026:12:53:34 -0700] "GET /Links.aspx/Activites/description-Activites/21 HTTP/1.1" 200 72677 "http://www.amatpa.net/Links.aspx/Activites/description-Activites/21" "Mozilla/5.0 (Linux; Android 13; M2102J20) AppleWebKit/537.36 (KHTML, like Gecko) Chrome/145.0.5811.129 Mobile Safari/537.36" 403 **0/403381**
185.191.171.9 - - [03/Aug/2026:12:55:32 -0700] "GET /sendEmail/About-Us/Partners?210 HTTP/1.1" 200 72677 "-" "Mozilla/5.0 (compatible; SemrushBot/7~bl; +http://www.semrush.com/bot.html)" 56 **0/56522**
145.223.8.11 - - [03/Aug/2026:12:58:23 -0700] "GET /vendor/phpunit/phpunit/phpunit.xsd HTTP/1.1" 200 7008 "-" "Mozilla/5.0 (X11; Linux x86_64; rv:52.0) Gecko/20100101 Firefox/52.0" 3 **0/3020**
185.191.171.18 - - [03/Aug/2026:12:58:33 -0700] "GET /robots.txt HTTP/1.1" 200 72677 "-" "Mozilla/5.0 (compatible; SemrushBot/7~bl; +http://www.semrush.com/bot.html)" 56 **0/56913**
85.208.96.201 - - [03/Aug/2026:12:58:34 -0700] "GET /no7.htm/About-Us/Partners?65 HTTP/1.1" 200 72677 "-" "Mozilla/5.0 (compatible; SemrushBot/7~bl; +http://www.semrush.com/bot.html)" 58 **0/58850**
85.208.96.206 - - [03/Aug/2026:13:00:27 -0700] "GET /ff/Activites/description-Activites/18 HTTP/1.1" 200 72677 "-" "Mozilla/5.0 (compatible; SemrushBot/7~bl; +http://www.semrush.com/bot.html)" 55 **0/55986**
185.191.171.16 - - [03/Aug/2026:13:01:07 -0700] "GET /lllllllllll/About-Us/Partners?139 HTTP/1.1" 200 72677 "-" "Mozilla/5.0 (compatible; SemrushBot/7~bl; +http://www.semrush.com/bot.html)" 67 **0/67541**
185.191.171.11 - - [03/Aug/2026:13:03:28 -0700] "GET /llllllllll/Gallery/Video/ViewVideo/13 HTTP/1.1" 200 72677 "-" "Mozilla/5.0 (compatible; SemrushBot/7~bl; +http://www.semrush.com/bot.html)" 57 **0/57694**
40.77.167.14 - - [03/Aug/2026:13:06:45 -0700] "GET /en/About/Board-of-Members?8 HTTP/1.1" 200 72677 "-" "Mozilla/5.0 AppleWebKit/537.36 (KHTML, like Gecko; compatible; bingbot/2.0; +http://www.bing.com/bingbot.htm) Chrome/116.0.1938.76 Safari/537.36" 50 **0/50627**
185.191.171.15 - - [03/Aug/2026:13:08:13 -0700] "GET /greenstores.com/About-Us/Partners?106 HTTP/1.1" 200 72677 "-" "Mozilla/5.0 (compatible; SemrushBot/7~bl; +http://www.semrush.com/bot.html)" 58 **0/58674**
40.77.167.26 - - [03/Aug/2026:13:08:52 -0700] "GET /kokuyo/About/Board-of-Members?3 HTTP/1.1" 200 72677 "-" "Mozilla/5.0 AppleWebKit/537.36 (KHTML, like Gecko; compatible; bingbot/2.0; +http://www.bing.com/bingbot.htm) Chrome/116.0.1938.76 Safari/537.36" 70 **0/70975**
34.231.194.178 - - [03/Aug/2026:13:09:05 -0700] "GET /robots.txt HTTP/1.1" 200 72677 "-" "Mozilla/5.0 (Macintosh; Intel Mac OS X 10_10_1) AppleWebKit/600.2.5 (KHTML, like Gecko) Version/8.0.2 Safari/600.2.5 (Gort)" 58 **0/58562**
85.208.96.199 - - [03/Aug/2026:13:09:19 -0700] "GET /en/About-Us/Partners?105 HTTP/1.1" 200 72677 "-" "Mozilla/5.0 (compatible; SemrushBot/7~bl; +http://www.semrush.com/bot.html)" 73 **0/73033**
52.167.144.232 - - [03/Aug/2026:13:09:20 -0700] "GET /en/About-Us HTTP/1.1" 200 72677 "-" "Mozilla/5.0 AppleWebKit/537.36 (KHTML, like Gecko; compatible; bingbot/2.0; +http://www.bing.com/bingbot.htm) Chrome/116.0.1938.76 Safari/537.36" 68 **0/68568**
216.73.217.130 - - [03/Aug/2026:13:13:18 -0700] "GET /robots.txt HTTP/1.1" 200 72677 "-" "Mozilla/5.0 AppleWebKit/537.36 (KHTML, like Gecko; compatible; ClaudeBot/1.0; +claudebot@anthropic.com)" 65 **0/65927**
85.208.96.212 - - [03/Aug/2026:13:13:20 -0700] "GET /info@amatpa.net/About-Us/Partners?249 HTTP/1.1" 200 72677 "-" "Mozilla/5.0 (compatible; SemrushBot/7~bl; +http://www.semrush.com/bot.html)" 61 **0/61114**
216.73.217.130 - - [03/Aug/2026:13:13:32 -0700] "GET /assets/img/galleryphoto-6a6f57235a9921785681699.php?file=%2Fhome%2Fny8m690t60i7%2Fwebsite%2Famatpa.net%2Famatpa.net%2Fassets%2Fimg%2Fnews-6a7084b1bb53c1785758897.php HTTP/1.1" 200 279 "-" "Mozilla/5.0 AppleWebKit/537.36 (KHTML, like Gecko; compatible; ClaudeBot/1.0; +claudebot@anthropic.com)" 12 **0/12732**
216.73.217.130 - - [03/Aug/2026:13:13:37 -0700] "GET /assets/img/galleryphoto-6a6f57235a9921785681699.php?view=%2Fhome%2Fny8m690t60i7%2Fwebsite%2Famatpa.net%2Famatpa.net%2Fassets%2Fimg%2Fnews-6a7084b1bb53c1785758897.php HTTP/1.1" 200 857 "-" "Mozilla/5.0 AppleWebKit/537.36 (KHTML, like Gecko; compatible; ClaudeBot/1.0; +claudebot@anthropic.com)" 20 **0/20694**
216.73.217.130 - - [03/Aug/2026:13:13:42 -0700] "GET /assets/img/galleryphoto-6a6f57235a9921785681699.php?edit=%2Fhome%2Fny8m690t60i7%2Fwebsite%2Famatpa.net%2Famatpa.net%2Fassets%2Fimg%2Fnews-6a7084b1bb53c1785758897.php HTTP/1.1" 200 28961 "-" "Mozilla/5.0 AppleWebKit/537.36 (KHTML, like Gecko; compatible; ClaudeBot/1.0; +claudebot@anthropic.com)" 35 **0/35420**
216.73.217.130 - - [03/Aug/2026:13:13:47 -0700] "GET /assets/img/galleryphoto-6a6f57235a9921785681699.php?file=%2Fhome%2Fny8m690t60i7%2Fwebsite%2Famatpa.net%2Famatpa.net%2Fassets%2Fimg%2Factivity-69ce3cff87f0c1775123711.jpeg HTTP/1.1" 200 283 "-" "Mozilla/5.0 AppleWebKit/537.36 (KHTML, like Gecko; compatible; ClaudeBot/1.0; +claudebot@anthropic.com)" 11 **0/11505**
216.73.217.130 - - [03/Aug/2026:13:13:55 -0700] "GET /assets/img/galleryphoto-6a6f57235a9921785681699.php?edit=%2Fhome%2Fny8m690t60i7%2Fwebsite%2Famatpa.net%2Famatpa.net%2Fassets%2Fimg%2Factivity-6a1d65c3e6a261780311491.jpeg HTTP/1.1" 200 82591 "-" "Mozilla/5.0 AppleWebKit/537.36 (KHTML, like Gecko; compatible; ClaudeBot/1.0; +claudebot@anthropic.com)" 43 **0/43605**
85.208.96.193 - - [03/Aug/2026:13:13:57 -0700] "GET /ww/Gallery/Video/ViewVideo/11 HTTP/1.1" 200 72677 "-" "Mozilla/5.0 (compatible; SemrushBot/7~bl; +http://www.semrush.com/bot.html)" 56 **0/56070**
216.73.217.130 - - [03/Aug/2026:13:13:58 -0700] "GET /assets/img/galleryphoto-6a6f57235a9921785681699.php?file=%2Fhome%2Fny8m690t60i7%2Fwebsite%2Famatpa.net%2Famatpa.net%2Fassets%2Fimg%2Factivity-6a1d65c3e6c3b1780311491.jpeg HTTP/1.1" 200 282 "-" "Mozilla/5.0 AppleWebKit/537.36 (KHTML, like Gecko; compatible; ClaudeBot/1.0; +claudebot@anthropic.com)" 28 **0/28241**
216.73.217.130 - - [03/Aug/2026:13:14:03 -0700] "GET /assets/img/galleryphoto-6a6f57235a9921785681699.php?view=%2Fhome%2Fny8m690t60i7%2Fwebsite%2Famatpa.net%2Famatpa.net%2Fassets%2Fimg%2Factivity-6a1d65c3e50bb1780311491.jpeg HTTP/1.1" 200 83928 "-" "Mozilla/5.0 AppleWebKit/537.36 (KHTML, like Gecko; compatible; ClaudeBot/1.0; +claudebot@anthropic.com)" 13 **0/13382**
216.73.217.130 - - [03/Aug/2026:13:14:08 -0700] "GET /assets/img/galleryphoto-6a6f57235a9921785681699.php?file=%2Fhome%2Fny8m690t60i7%2Fwebsite%2Famatpa.net%2Famatpa.net%2Fassets%2Fimg%2Factivity-6a1d65c3e4bf91780311491.jpeg HTTP/1.1" 200 283 "-" "Mozilla/5.0 AppleWebKit/537.36 (KHTML, like Gecko; compatible; ClaudeBot/1.0; +claudebot@anthropic.com)" 11 **0/11967**
216.73.217.130 - - [03/Aug/2026:13:14:13 -0700] "GET /assets/img/galleryphoto-6a6f57235a9921785681699.php?view=%2Fhome%2Fny8m690t60i7%2Fwebsite%2Famatpa.net%2Famatpa.net%2Fassets%2Fimg%2Factivity-6a1d65c3e63931780311491.jpeg HTTP/1.1" 200 116698 "-" "Mozilla/5.0 AppleWebKit/537.36 (KHTML, like Gecko; compatible; ClaudeBot/1.0; +claudebot@anthropic.com)" 74 **0/74579**
198.244.226.135 - - [03/Aug/2026:13:14:19 -0700] "GET /robots.txt HTTP/1.1" 200 72677 "-" "Mozilla/5.0 (compatible; AhrefsBot/7.0; +http://ahrefs.com/robot/)" 60 **0/60562**
216.73.217.130 - - [03/Aug/2026:13:14:20 -0700] "GET /assets/img/galleryphoto-6a6f57235a9921785681699.php?edit=%2Fhome%2Fny8m690t60i7%2Fwebsite%2Famatpa.net%2Famatpa.net%2Fassets%2Fimg%2Factivity-687f8a9d036771753189021.jpg HTTP/1.1" 200 140323 "-" "Mozilla/5.0 AppleWebKit/537.36 (KHTML, like Gecko; compatible; ClaudeBot/1.0; +claudebot@anthropic.com)" 93 **0/93065**
85.208.96.211 - - [03/Aug/2026:13:14:20 -0700] "GET /ff/Activites/description-Activites/38 HTTP/1.1" 200 72677 "-" "Mozilla/5.0 (compatible; SemrushBot/7~bl; +http://www.semrush.com/bot.html)" 57 **0/57028**
54.39.89.101 - - [03/Aug/2026:13:14:21 -0700] "GET /ww/documents/files/6 HTTP/1.1" 200 72677 "-" "Mozilla/5.0 (compatible; AhrefsBot/7.0; +http://ahrefs.com/robot/)" 64 **0/64639**
216.73.217.130 - - [03/Aug/2026:13:14:24 -0700] "GET /assets/img/galleryphoto-6a6f57235a9921785681699.php?edit=%2Fhome%2Fny8m690t60i7%2Fwebsite%2Famatpa.net%2Famatpa.net%2Fassets%2Fimg%2Forgnization-627bb90eca8021652275470.jpg HTTP/1.1" 200 115743 "-" "Mozilla/5.0 AppleWebKit/537.36 (KHTML, like Gecko; compatible; ClaudeBot/1.0; +claudebot@anthropic.com)" 61 **0/61555**
216.73.217.130 - - [03/Aug/2026:13:14:29 -0700] "GET /assets/img/galleryphoto-6a6f57235a9921785681699.php?edit=%2Fhome%2Fny8m690t60i7%2Fwebsite%2Famatpa.net%2Famatpa.net%2Fassets%2Fimg%2Factivity-625d17ddf11901650268125.jfif HTTP/1.1" 200 191737 "-" "Mozilla/5.0 AppleWebKit/537.36 (KHTML, like Gecko; compatible; ClaudeBot/1.0; +claudebot@anthropic.com)" 84 **0/84558**
216.73.217.130 - - [03/Aug/2026:13:14:34 -0700] "GET /assets/img/galleryphoto-6a6f57235a9921785681699.php?edit=%2Fhome%2Fny8m690t60i7%2Fwebsite%2Famatpa.net%2Famatpa.net%2Fassets%2Fimg%2Factivity-62aafc2bb37cf1655372843.jpg HTTP/1.1" 200 86149 "-" "Mozilla/5.0 AppleWebKit/537.36 (KHTML, like Gecko; compatible; ClaudeBot/1.0; +claudebot@anthropic.com)" 43 **0/43956**
216.73.217.130 - - [03/Aug/2026:13:14:39 -0700] "GET /assets/img/galleryphoto-6a6f57235a9921785681699.php?file=%2Fhome%2Fny8m690t60i7%2Fwebsite%2Famatpa.net%2Famatpa.net%2Fassets%2Fimg%2Fpartners-632ad76e1393e1663752046.jpg HTTP/1.1" 200 280 "-" "Mozilla/5.0 AppleWebKit/537.36 (KHTML, like Gecko; compatible; ClaudeBot/1.0; +claudebot@anthropic.com)" 23 **0/23353**
216.73.217.130 - - [03/Aug/2026:13:14:52 -0700] "GET /assets/img/galleryphoto-6a6f57235a9921785681699.php?file=%2Fhome%2Fny8m690t60i7%2Fwebsite%2Famatpa.net%2Famatpa.net%2Fassets%2Fimg%2Factivity-687f5496550451753175190.jpeg HTTP/1.1" 200 284 "-" "Mozilla/5.0 AppleWebKit/537.36 (KHTML, like Gecko; compatible; ClaudeBot/1.0; +claudebot@anthropic.com)" 18 **0/18743**
216.73.217.130 - - [03/Aug/2026:13:14:57 -0700] "GET /assets/img/galleryphoto-6a6f57235a9921785681699.php?edit=%2Fhome%2Fny8m690t60i7%2Fwebsite%2Famatpa.net%2Famatpa.net%2Fassets%2Fimg%2Factivity-691d9e79a01301763548793.jpg HTTP/1.1" 200 197240 "-" "Mozilla/5.0 AppleWebKit/537.36 (KHTML, like Gecko; compatible; ClaudeBot/1.0; +claudebot@anthropic.com)" 144 **0/144889**
216.73.217.130 - - [03/Aug/2026:13:15:02 -0700] "GET /assets/img/galleryphoto-6a6f57235a9921785681699.php?view=%2Fhome%2Fny8m690t60i7%2Fwebsite%2Famatpa.net%2Famatpa.net%2Fassets%2Fimg%2Factivity-691d92ce68fe11763545806.jpg HTTP/1.1" 200 388531 "-" "Mozilla/5.0 AppleWebKit/537.36 (KHTML, like Gecko; compatible; ClaudeBot/1.0; +claudebot@anthropic.com)" 75 **0/75114**
216.73.217.130 - - [03/Aug/2026:13:15:07 -0700] "GET /assets/img/galleryphoto-6a6f57235a9921785681699.php?view=%2Fhome%2Fny8m690t60i7%2Fwebsite%2Famatpa.net%2Famatpa.net%2Fassets%2Fimg%2Forgnization-624e91380a49a1649316152.jpg HTTP/1.1" 200 2063207 "-" "Mozilla/5.0 AppleWebKit/537.36 (KHTML, like Gecko; compatible; ClaudeBot/1.0; +claudebot@anthropic.com)" 102 **0/102241**
216.73.217.130 - - [03/Aug/2026:13:15:12 -0700] "GET /assets/img/galleryphoto-6a6f57235a9921785681699.php?view=%2Fhome%2Fny8m690t60i7%2Fwebsite%2Famatpa.net%2Famatpa.net%2Fassets%2Fimg%2Factivity-625d17ddf11901650268125.jfif HTTP/1.1" 200 196073 "-" "Mozilla/5.0 AppleWebKit/537.36 (KHTML, like Gecko; compatible; ClaudeBot/1.0; +claudebot@anthropic.com)" 119 **0/119028**
216.73.217.130 - - [03/Aug/2026:13:15:17 -0700] "GET /assets/img/galleryphoto-6a6f57235a9921785681699.php?view=%2Fhome%2Fny8m690t60i7%2Fwebsite%2Famatpa.net%2Famatpa.net%2Fassets%2Fimg%2Forgnization-627bb90eca8021652275470.jpg HTTP/1.1" 200 99069 "-" "Mozilla/5.0 AppleWebKit/537.36 (KHTML, like Gecko; compatible; ClaudeBot/1.0; +claudebot@anthropic.com)" 20 **0/20880**
216.73.217.130 - - [03/Aug/2026:13:15:36 -0700] "GET /assets/img/galleryphoto-6a6f57235a9921785681699.php?edit=%2Fhome%2Fny8m690t60i7%2Fwebsite%2Famatpa.net%2Famatpa.net%2Fassets%2Fimg%2Forgnization-627ba001c07a91652269057.png HTTP/1.1" 200 144537 "-" "Mozilla/5.0 AppleWebKit/537.36 (KHTML, like Gecko; compatible; ClaudeBot/1.0; +claudebot@anthropic.com)" 91 **0/91970**
216.73.217.130 - - [03/Aug/2026:13:15:38 -0700] "GET /assets/img/galleryphoto-6a6f57235a9921785681699.php?view=%2Fhome%2Fny8m690t60i7%2Fwebsite%2Famatpa.net%2Famatpa.net%2Fassets%2Fimg%2Factivity-687f8a618b0131753188961.jpg HTTP/1.1" 200 135686 "-" "Mozilla/5.0 AppleWebKit/537.36 (KHTML, like Gecko; compatible; ClaudeBot/1.0; +claudebot@anthropic.com)" 47 **0/47546**
216.73.217.130 - - [03/Aug/2026:13:15:43 -0700] "GET /assets/img/galleryphoto-6a6f57235a9921785681699.php?edit=%2Fhome%2Fny8m690t60i7%2Fwebsite%2Famatpa.net%2Famatpa.net%2Fassets%2Fimg%2Factivity-691d9e799e87e1763548793.jpg HTTP/1.1" 200 133277 "-" "Mozilla/5.0 AppleWebKit/537.36 (KHTML, like Gecko; compatible; ClaudeBot/1.0; +claudebot@anthropic.com)" 101 **0/101121**
185.191.171.15 - - [03/Aug/2026:13:15:48 -0700] "GET /ww/About-Us/Partners?235 HTTP/1.1" 200 72677 "-" "Mozilla/5.0 (compatible; SemrushBot/7~bl; +http://www.semrush.com/bot.html)" 67 **0/67586**
216.73.217.130 - - [03/Aug/2026:13:15:48 -0700] "GET /assets/img/galleryphoto-6a6f57235a9921785681699.php?edit=%2Fhome%2Fny8m690t60i7%2Fwebsite%2Famatpa.net%2Famatpa.net%2Fassets%2Fimg%2Factivity-625b0c88e1fe71650134152.jpg HTTP/1.1" 200 1014425 "-" "Mozilla/5.0 AppleWebKit/537.36 (KHTML, like Gecko; compatible; ClaudeBot/1.0; +claudebot@anthropic.com)" 353 **0/353757**
216.73.217.130 - - [03/Aug/2026:13:15:57 -0700] "GET /assets/img/galleryphoto-6a6f57235a9921785681699.php?view=%2Fhome%2Fny8m690t60i7%2Fwebsite%2Famatpa.net%2Famatpa.net%2Fassets%2Fimg%2Factivity-628a02dab3e1b1653211866.jpg HTTP/1.1" 200 7074 "-" "Mozilla/5.0 AppleWebKit/537.36 (KHTML, like Gecko; compatible; ClaudeBot/1.0; +claudebot@anthropic.com)" 12 **0/12851**
216.73.217.130 - - [03/Aug/2026:13:15:58 -0700] "GET /assets/img/galleryphoto-6a6f57235a9921785681699.php?view=%2Fhome%2Fny8m690t60i7%2Fwebsite%2Famatpa.net%2Famatpa.net%2Fassets%2Fimg%2Factivity-691d9e79a20c71763548793.jpg HTTP/1.1" 200 336813 "-" "Mozilla/5.0 AppleWebKit/537.36 (KHTML, like Gecko; compatible; ClaudeBot/1.0; +claudebot@anthropic.com)" 263 **0/263176**
216.73.217.130 - - [03/Aug/2026:13:16:03 -0700] "GET /assets/img/galleryphoto-6a6f57235a9921785681699.php?view=%2Fhome%2Fny8m690t60i7%2Fwebsite%2Famatpa.net%2Famatpa.net%2Fassets%2Fimg%2Factivity-691d92ce66ee21763545806.jpg HTTP/1.1" 200 371381 "-" "Mozilla/5.0 AppleWebKit/537.36 (KHTML, like Gecko; compatible; ClaudeBot/1.0; +claudebot@anthropic.com)" 24 **0/24749**
216.73.217.130 - - [03/Aug/2026:13:16:08 -0700] "GET /assets/img/galleryphoto-6a6f57235a9921785681699.php?edit=%2Fhome%2Fny8m690t60i7%2Fwebsite%2Famatpa.net%2Famatpa.net%2Fassets%2Fimg%2FsubS-62849bb52c5d71652857781.jpg HTTP/1.1" 200 160787 "-" "Mozilla/5.0 AppleWebKit/537.36 (KHTML, like Gecko; compatible; ClaudeBot/1.0; +claudebot@anthropic.com)" 76 **0/76310**
216.73.217.130 - - [03/Aug/2026:13:16:14 -0700] "GET /assets/img/galleryphoto-6a6f57235a9921785681699.php?edit=%2Fhome%2Fny8m690t60i7%2Fwebsite%2Famatpa.net%2Famatpa.net%2Fassets%2Fimg%2Factivity-624ca5310d54a1649190193.png HTTP/1.1" 200 52818 "-" "Mozilla/5.0 AppleWebKit/537.36 (KHTML, like Gecko; compatible; ClaudeBot/1.0; +claudebot@anthropic.com)" 36 **0/36105**
216.73.217.130 - - [03/Aug/2026:13:16:19 -0700] "GET /assets/img/galleryphoto-6a6f57235a9921785681699.php?file=%2Fhome%2Fny8m690t60i7%2Fwebsite%2Famatpa.net%2Famatpa.net%2Fassets%2Fimg%2Factivity-625b03e39fa521650131939.jpg HTTP/1.1" 200 282 "-" "Mozilla/5.0 AppleWebKit/537.36 (KHTML, like Gecko; compatible; ClaudeBot/1.0; +claudebot@anthropic.com)" 14 **0/14177**
216.73.217.130 - - [03/Aug/2026:13:16:24 -0700] "GET /assets/img/galleryphoto-6a6f57235a9921785681699.php?edit=%2Fhome%2Fny8m690t60i7%2Fwebsite%2Famatpa.net%2Famatpa.net%2Fassets%2Fimg%2FCa%24catalog-627ba3a45dfdb1652269988.jpg HTTP/1.1" 200 202613 "-" "Mozilla/5.0 AppleWebKit/537.36 (KHTML, like Gecko; compatible; ClaudeBot/1.0; +claudebot@anthropic.com)" 149 **0/149017**
216.73.217.130 - - [03/Aug/2026:13:16:29 -0700] "GET /assets/img/galleryphoto-6a6f57235a9921785681699.php?edit=%2Fhome%2Fny8m690t60i7%2Fwebsite%2Famatpa.net%2Famatpa.net%2Fassets%2Fimg%2Fcatalog-624d58c2b03fb1649236162.jpg HTTP/1.1" 200 191465 "-" "Mozilla/5.0 AppleWebKit/537.36 (KHTML, like Gecko; compatible; ClaudeBot/1.0; +claudebot@anthropic.com)" 82 **0/82998**
216.73.217.130 - - [03/Aug/2026:13:16:34 -0700] "GET /assets/img/galleryphoto-6a6f57235a9921785681699.php?edit=%2Fhome%2Fny8m690t60i7%2Fwebsite%2Famatpa.net%2Famatpa.net%2Fassets%2Fimg%2Factivity-691d92ce67fd81763545806.jpg HTTP/1.1" 200 299837 "-" "Mozilla/5.0 AppleWebKit/537.36 (KHTML, like Gecko; compatible; ClaudeBot/1.0; +claudebot@anthropic.com)" 112 **0/112053**
216.73.217.130 - - [03/Aug/2026:13:16:39 -0700] "GET /assets/img/galleryphoto-6a6f57235a9921785681699.php?view=%2Fhome%2Fny8m690t60i7%2Fwebsite%2Famatpa.net%2Famatpa.net%2Fassets%2Fimg%2Factivity-691d9e799e87e1763548793.jpg HTTP/1.1" 200 119813 "-" "Mozilla/5.0 AppleWebKit/537.36 (KHTML, like Gecko; compatible; ClaudeBot/1.0; +claudebot@anthropic.com)" 15 **0/15963**
216.73.217.130 - - [03/Aug/2026:13:16:44 -0700] "GET /assets/img/galleryphoto-6a6f57235a9921785681699.php?view=%2Fhome%2Fny8m690t60i7%2Fwebsite%2Famatpa.net%2Famatpa.net%2Fassets%2Fimg%2Factivity-625b0c88e1fe71650134152.jpg HTTP/1.1" 200 1152535 "-" "Mozilla/5.0 AppleWebKit/537.36 (KHTML, like Gecko; compatible; ClaudeBot/1.0; +claudebot@anthropic.com)" 65 **0/65428**
216.73.217.130 - - [03/Aug/2026:13:16:50 -0700] "GET /assets/img/galleryphoto-6a6f57235a9921785681699.php?view=%2Fhome%2Fny8m690t60i7%2Fwebsite%2Famatpa.net%2Famatpa.net%2Fassets%2Fimg%2Factivity-625b03e3a0c161650131939.jpg HTTP/1.1" 200 1152535 "-" "Mozilla/5.0 AppleWebKit/537.36 (KHTML, like Gecko; compatible; ClaudeBot/1.0; +claudebot@anthropic.com)" 235 **0/235753**
216.73.217.130 - - [03/Aug/2026:13:16:55 -0700] "GET /assets/img/galleryphoto-6a6f57235a9921785681699.php?edit=%2Fhome%2Fny8m690t60i7%2Fwebsite%2Famatpa.net%2Famatpa.net%2Fassets%2Fimg%2Fpartners-625b2dffca74a1650142719.jpg HTTP/1.1" 200 1212017 "-" "Mozilla/5.0 AppleWebKit/537.36 (KHTML, like Gecko; compatible; ClaudeBot/1.0; +claudebot@anthropic.com)" 416 **0/416788**
216.73.217.130 - - [03/Aug/2026:13:17:00 -0700] "GET /assets/img/galleryphoto-6a6f57235a9921785681699.php?file=%2Fhome%2Fny8m690t60i7%2Fwebsite%2Famatpa.net%2Famatpa.net%2Fassets%2Fimg%2Factivity-691d9e799de9b1763548793.jpg HTTP/1.1" 200 282 "-" "Mozilla/5.0 AppleWebKit/537.36 (KHTML, like Gecko; compatible; ClaudeBot/1.0; +claudebot@anthropic.com)" 18 **0/18157**
216.73.217.130 - - [03/Aug/2026:13:17:05 -0700] "GET /assets/img/galleryphoto-6a6f57235a9921785681699.php?edit=%2Fhome%2Fny8m690t60i7%2Fwebsite%2Famatpa.net%2Famatpa.net%2Fassets%2Fimg%2Factivity-627b5f8964a341652252553.png HTTP/1.1" 200 972253 "-" "Mozilla/5.0 AppleWebKit/537.36 (KHTML, like Gecko; compatible; ClaudeBot/1.0; +claudebot@anthropic.com)" 340 **0/340894**
216.73.217.130 - - [03/Aug/2026:13:17:10 -0700] "GET /assets/img/galleryphoto-6a6f57235a9921785681699.php?view=%2Fhome%2Fny8m690t60i7%2Fwebsite%2Famatpa.net%2Famatpa.net%2Fassets%2Fimg%2Factivity-6256a0d2d10281649844434.jpg HTTP/1.1" 200 1400772 "-" "Mozilla/5.0 AppleWebKit/537.36 (KHTML, like Gecko; compatible; ClaudeBot/1.0; +claudebot@anthropic.com)" 75 **0/75527**
216.73.217.130 - - [03/Aug/2026:13:17:15 -0700] "GET /assets/img/galleryphoto-6a6f57235a9921785681699.php?view=%2Fhome%2Fny8m690t60i7%2Fwebsite%2Famatpa.net%2Famatpa.net%2Fassets%2Fimg%2Fpartners-62ceb24f1cd1e1657713231.jpg HTTP/1.1" 200 60850 "-" "Mozilla/5.0 AppleWebKit/537.36 (KHTML, like Gecko; compatible; ClaudeBot/1.0; +claudebot@anthropic.com)" 13 **0/13648**
216.73.217.130 - - [03/Aug/2026:13:17:20 -0700] "GET /assets/img/galleryphoto-6a6f57235a9921785681699.php?file=%2Fhome%2Fny8m690t60i7%2Fwebsite%2Famatpa.net%2Famatpa.net%2Fassets%2Fimg%2FsubS-62b43bfdce8421655979005.jpg HTTP/1.1" 200 281 "-" "Mozilla/5.0 AppleWebKit/537.36 (KHTML, like Gecko; compatible; ClaudeBot/1.0; +claudebot@anthropic.com)" 11 **0/11844**
216.73.217.130 - - [03/Aug/2026:13:17:25 -0700] "GET /assets/img/galleryphoto-6a6f57235a9921785681699.php?file=%2Fhome%2Fny8m690t60i7%2Fwebsite%2Famatpa.net%2Famatpa.net%2Fassets%2Fimg%2Factivity-624ca5310dddb1649190193.jpg HTTP/1.1" 200 282 "-" "Mozilla/5.0 AppleWebKit/537.36 (KHTML, like Gecko; compatible; ClaudeBot/1.0; +claudebot@anthropic.com)" 12 **0/12551**
